CRAN Package Check Results for Package ivdesc

Last updated on 2021-06-21 08:49:52 CEST.

Flavor Version Tinstall Tcheck Ttotal Status Flags
r-devel-linux-x86_64-debian-clang 1.1.0 5.36 50.31 55.67 NOTE
r-devel-linux-x86_64-debian-gcc 1.1.0 3.45 37.76 41.21 NOTE
r-devel-linux-x86_64-fedora-clang 1.1.0 73.22 NOTE
r-devel-linux-x86_64-fedora-gcc 1.1.0 62.78 NOTE
r-devel-windows-x86_64 1.1.0 9.00 52.00 61.00 NOTE
r-devel-windows-x86_64-gcc10-UCRT 1.1.0 NOTE
r-patched-linux-x86_64 1.1.0 3.23 46.62 49.85 NOTE
r-patched-solaris-x86 1.1.0 91.90 NOTE
r-release-linux-x86_64 1.1.0 3.64 46.72 50.36 NOTE
r-release-macos-arm64 1.1.0 NOTE
r-release-macos-x86_64 1.1.0 NOTE
r-release-windows-ix86+x86_64 1.1.0 13.00 69.00 82.00 NOTE
r-oldrel-macos-x86_64 1.1.0 OK
r-oldrel-windows-ix86+x86_64 1.1.0 10.00 0.00 10.00 OK

Check Details

Version: 1.1.0
Check: LazyData
Result: NOTE
     'LazyData' is specified without a 'data' directory
Flavors: r-devel-linux-x86_64-debian-clang, r-devel-linux-x86_64-debian-gcc, r-devel-linux-x86_64-fedora-clang, r-devel-linux-x86_64-fedora-gcc, r-devel-windows-x86_64, r-devel-windows-x86_64-gcc10-UCRT, r-patched-linux-x86_64, r-patched-solaris-x86, r-release-linux-x86_64, r-release-macos-arm64, r-release-macos-x86_64, r-release-windows-ix86+x86_64

Version: 1.1.0
Check: Rd cross-references
Result: NOTE
    Undeclared package ‘AER’ in Rd xrefs
Flavor: r-devel-linux-x86_64-fedora-clang

Version: 1.1.0
Check: Rd cross-references
Result: NOTE
    Package unavailable to check Rd xrefs: 'AER'
Flavor: r-devel-windows-x86_64-gcc10-UCRT