Last updated on 2024-04-20 08:50:57 CEST.
Flavor | Version | Tinstall | Tcheck | Ttotal | Status | Flags |
---|---|---|---|---|---|---|
r-devel-linux-x86_64-debian-clang | 1.1.1 | 6.10 | 49.09 | 55.19 | OK | |
r-devel-linux-x86_64-debian-gcc | 1.1.1 | 4.50 | 38.77 | 43.27 | OK | |
r-devel-linux-x86_64-fedora-clang | 1.1.1 | 71.17 | NOTE | |||
r-devel-linux-x86_64-fedora-gcc | 1.1.1 | 66.35 | OK | |||
r-prerel-macos-arm64 | 1.1.1 | 23.00 | OK | |||
r-prerel-windows-x86_64 | 1.1.1 | 6.00 | 56.00 | 62.00 | OK | |
r-patched-linux-x86_64 | 1.1.1 | 5.82 | 48.22 | 54.04 | OK | |
r-release-linux-x86_64 | 1.1.1 | 4.82 | 47.31 | 52.13 | OK | |
r-release-macos-arm64 | 1.1.1 | 24.00 | OK | |||
r-release-macos-x86_64 | 1.1.1 | 33.00 | OK | |||
r-release-windows-x86_64 | 1.1.1 | 9.00 | 61.00 | 70.00 | OK | |
r-oldrel-macos-arm64 | 1.1.1 | 27.00 | OK | |||
r-oldrel-windows-x86_64 | 1.1.1 | 9.00 | 67.00 | 76.00 | OK |
Version: 1.1.1
Check: Rd cross-references
Result: NOTE
Undeclared package ‘AER’ in Rd xrefs
Flavor: r-devel-linux-x86_64-fedora-clang