CRAN Package Check Results for Package ivprobit

Last updated on 2021-07-29 09:53:28 CEST.

Flavor Version Tinstall Tcheck Ttotal Status Flags
r-devel-linux-x86_64-debian-clang 1.1 OK
r-devel-linux-x86_64-debian-gcc 1.1 1.62 17.61 19.23 OK
r-devel-linux-x86_64-fedora-clang 1.1 39.20 NOTE
r-devel-linux-x86_64-fedora-gcc 1.1 27.88 NOTE
r-devel-windows-x86_64 1.1 4.00 39.00 43.00 OK
r-devel-windows-x86_64-gcc10-UCRT 1.1 NOTE
r-patched-linux-x86_64 1.1 1.61 21.56 23.17 OK
r-patched-solaris-x86 1.1 43.10 NOTE
r-release-linux-x86_64 1.1 1.84 21.45 23.29 OK
r-release-macos-arm64 1.1 NOTE
r-release-macos-x86_64 1.1 NOTE
r-release-windows-ix86+x86_64 1.1 4.00 26.00 30.00 OK
r-oldrel-macos-x86_64 1.1 NOTE
r-oldrel-windows-ix86+x86_64 1.1 4.00 30.00 34.00 OK

Check Details

Version: 1.1
Check: dependencies in R code
Result: NOTE
    Namespace in Imports field not imported from: ‘methods’
     All declared Imports should be used.
Flavors: r-devel-linux-x86_64-fedora-clang, r-devel-linux-x86_64-fedora-gcc, r-devel-windows-x86_64-gcc10-UCRT, r-patched-solaris-x86, r-release-macos-arm64, r-release-macos-x86_64, r-oldrel-macos-x86_64