Last updated on 2024-04-18 08:54:34 CEST.
Flavor | Version | Tinstall | Tcheck | Ttotal | Status | Flags |
---|---|---|---|---|---|---|
r-devel-linux-x86_64-debian-clang | 1.1 | 2.19 | 23.60 | 25.79 | NOTE | |
r-devel-linux-x86_64-debian-gcc | 1.1 | 1.63 | 18.20 | 19.83 | NOTE | |
r-devel-linux-x86_64-fedora-clang | 1.1 | 32.52 | NOTE | |||
r-devel-linux-x86_64-fedora-gcc | 1.1 | 30.86 | NOTE | |||
r-prerel-macos-arm64 | 1.1 | 14.00 | NOTE | |||
r-prerel-windows-x86_64 | 1.1 | 2.00 | 40.00 | 42.00 | NOTE | |
r-patched-linux-x86_64 | 1.1 | 1.45 | 22.48 | 23.93 | NOTE | |
r-release-linux-x86_64 | 1.1 | 1.59 | 21.22 | 22.81 | OK | |
r-release-macos-arm64 | 1.1 | 15.00 | OK | |||
r-release-macos-x86_64 | 1.1 | 18.00 | OK | |||
r-release-windows-x86_64 | 1.1 | 5.00 | 36.00 | 41.00 | OK | |
r-oldrel-macos-arm64 | 1.1 | 17.00 | OK | |||
r-oldrel-windows-x86_64 | 1.1 | 11.00 | 49.00 | 60.00 | OK |
Version: 1.1
Check: Rd metadata
Result: NOTE
Invalid package aliases in Rd file 'ivprobit-package.Rd':
‘ivProbit-package’
Flavors: r-devel-linux-x86_64-debian-clang, r-devel-linux-x86_64-debian-gcc, r-devel-linux-x86_64-fedora-clang, r-devel-linux-x86_64-fedora-gcc, r-prerel-macos-arm64, r-prerel-windows-x86_64, r-patched-linux-x86_64
Version: 1.1
Check: dependencies in R code
Result: NOTE
Namespace in Imports field not imported from: ‘methods’
All declared Imports should be used.
Flavors: r-devel-linux-x86_64-fedora-clang, r-devel-linux-x86_64-fedora-gcc