CRAN Package Check Results for Package jackstraw

Last updated on 2021-07-25 08:50:59 CEST.

Flavor Version Tinstall Tcheck Ttotal Status Flags
r-devel-linux-x86_64-debian-clang 1.3.1 11.74 93.98 105.72 OK
r-devel-linux-x86_64-debian-gcc 1.3.1 8.39 70.83 79.22 OK
r-devel-linux-x86_64-fedora-clang 1.3.1 134.53 OK
r-devel-linux-x86_64-fedora-gcc 1.3.1 122.23 OK
r-devel-windows-x86_64 1.3.1 13.00 88.00 101.00 OK
r-devel-windows-x86_64-gcc10-UCRT 1.3.1 OK
r-patched-linux-x86_64 1.3.1 10.59 88.52 99.11 OK
r-patched-solaris-x86 1.3.1 173.30 OK
r-release-linux-x86_64 1.3.1 11.27 89.24 100.51 OK
r-release-macos-arm64 1.3.1 ERROR
r-release-macos-x86_64 1.3.1 ERROR
r-release-windows-ix86+x86_64 1.3.1 25.00 87.00 112.00 OK
r-oldrel-macos-x86_64 1.3.1 ERROR
r-oldrel-windows-ix86+x86_64 1.3.1 28.00 118.00 146.00 OK

Check Details

Version: 1.3.1
Check: package dependencies
Result: ERROR
    Packages required but not available: 'qvalue', 'lfa'
    
    See section ‘The DESCRIPTION file’ in the ‘Writing R Extensions’
    manual.
Flavor: r-release-macos-arm64

Version: 1.3.1
Check: package dependencies
Result: ERROR
    Package required but not available: ‘lfa’
    
    See section ‘The DESCRIPTION file’ in the ‘Writing R Extensions’
    manual.
Flavors: r-release-macos-x86_64, r-oldrel-macos-x86_64