Last updated on 2024-03-12 07:49:56 CET.
Flavor | Version | Tinstall | Tcheck | Ttotal | Status | Flags |
---|---|---|---|---|---|---|
r-devel-linux-x86_64-debian-clang | 0.0.2 | 9.01 | 83.86 | 92.87 | NOTE | |
r-devel-linux-x86_64-debian-gcc | 0.0.2 | 7.18 | 64.74 | 71.92 | NOTE | |
r-devel-linux-x86_64-fedora-clang | 0.0.2 | 118.11 | NOTE | |||
r-devel-linux-x86_64-fedora-gcc | 0.0.2 | 114.64 | NOTE | |||
r-devel-windows-x86_64 | 0.0.2 | 9.00 | 79.00 | 88.00 | NOTE | |
r-patched-linux-x86_64 | 0.0.2 | 5.87 | 83.91 | 89.78 | OK | |
r-release-linux-x86_64 | 0.0.2 | 6.54 | 84.44 | 90.98 | OK | |
r-release-macos-arm64 | 0.0.2 | 42.00 | OK | |||
r-release-macos-x86_64 | 0.0.2 | 61.00 | OK | |||
r-release-windows-x86_64 | 0.0.2 | 12.00 | 90.00 | 102.00 | OK | |
r-oldrel-macos-arm64 | 0.0.2 | 38.00 | OK | |||
r-oldrel-windows-x86_64 | 0.0.2 | 12.00 | 96.00 | 108.00 | OK |
Version: 0.0.2
Check: Rd files
Result: NOTE
checkRd: (-1) data_timeinv.Rd:14: Lost braces; missing escapes or markup?
14 | \item{X5}{categorical covariate taking values from {1, 2, 3, 4, 5}; time-invariant}
| ^
checkRd: (-1) data_timeinv.Rd:18: Lost braces; missing escapes or markup?
18 | \item{g}{true latent class identifier {1, 2, 3, 4}, which is determined by
| ^
checkRd: (-1) data_timevar.Rd:15: Lost braces; missing escapes or markup?
15 | \item{X5}{categorical covariate taking values from {1, 2, 3, 4, 5}; time-varying}
| ^
checkRd: (-1) data_timevar.Rd:20: Lost braces; missing escapes or markup?
20 | \item{g}{true latent class identifier {1, 2, 3, 4}, which is determined by
| ^
Flavors: r-devel-linux-x86_64-debian-clang, r-devel-linux-x86_64-debian-gcc, r-devel-linux-x86_64-fedora-clang, r-devel-linux-x86_64-fedora-gcc, r-devel-windows-x86_64