Last updated on 2024-03-12 07:49:56 CET.
Flavor | Version | Tinstall | Tcheck | Ttotal | Status | Flags |
---|---|---|---|---|---|---|
r-devel-linux-x86_64-debian-clang | 1.0.1 | 5.73 | 63.28 | 69.01 | NOTE | |
r-devel-linux-x86_64-debian-gcc | 1.0.1 | 5.82 | 48.65 | 54.47 | NOTE | |
r-devel-linux-x86_64-fedora-clang | 1.0.1 | 89.75 | NOTE | |||
r-devel-linux-x86_64-fedora-gcc | 1.0.1 | 85.84 | NOTE | |||
r-devel-windows-x86_64 | 1.0.1 | 6.00 | 68.00 | 74.00 | NOTE | |
r-patched-linux-x86_64 | 1.0.1 | 8.88 | 62.79 | 71.67 | OK | |
r-release-linux-x86_64 | 1.0.1 | 7.48 | 63.02 | 70.50 | OK | |
r-release-macos-arm64 | 1.0.1 | 28.00 | OK | |||
r-release-macos-x86_64 | 1.0.1 | 47.00 | OK | |||
r-release-windows-x86_64 | 1.0.1 | 6.00 | 74.00 | 80.00 | OK | |
r-oldrel-macos-arm64 | 1.0.1 | 30.00 | OK | |||
r-oldrel-windows-x86_64 | 1.0.1 | 9.00 | 83.00 | 92.00 | OK |
Version: 1.0.1
Check: Rd files
Result: NOTE
checkRd: (-1) jmdem.control.Rd:42: Lost braces; missing escapes or markup?
42 | The control argument of \code{jmdem} is by default passed to the control argument of {jmdem.fit}, which uses its elements as arguments to {jmdem.control}: the latter provides defaults and sanity checking.
| ^
checkRd: (-1) jmdem.control.Rd:42: Lost braces; missing escapes or markup?
42 | The control argument of \code{jmdem} is by default passed to the control argument of {jmdem.fit}, which uses its elements as arguments to {jmdem.control}: the latter provides defaults and sanity checking.
| ^
Flavors: r-devel-linux-x86_64-debian-clang, r-devel-linux-x86_64-debian-gcc, r-devel-linux-x86_64-fedora-clang, r-devel-linux-x86_64-fedora-gcc, r-devel-windows-x86_64