CRAN Package Check Results for Package jmv

Last updated on 2021-07-30 08:50:09 CEST.

Flavor Version Tinstall Tcheck Ttotal Status Flags
r-devel-linux-x86_64-debian-clang 2.0 OK
r-devel-linux-x86_64-debian-gcc 2.0 73.31 90.96 164.27 OK
r-devel-linux-x86_64-fedora-clang 2.0 278.14 NOTE
r-devel-linux-x86_64-fedora-gcc 2.0 266.79 NOTE
r-devel-windows-x86_64 2.0 131.00 173.00 304.00 OK
r-devel-windows-x86_64-gcc10-UCRT 1.2.23 NOTE
r-patched-linux-x86_64 2.0 OK
r-patched-solaris-x86 2.0 324.60 NOTE
r-release-linux-x86_64 2.0 87.26 126.55 213.81 OK
r-release-macos-arm64 2.0 NOTE
r-release-macos-x86_64 2.0 NOTE
r-release-windows-ix86+x86_64 2.0 148.00 151.00 299.00 OK
r-oldrel-macos-x86_64 2.0 NOTE
r-oldrel-windows-ix86+x86_64 2.0 127.00 153.00 280.00 OK

Check Details

Version: 2.0
Check: dependencies in R code
Result: NOTE
    Namespaces in Imports field not imported from:
     ‘BayesFactor’ ‘GGally’ ‘GPArotation’ ‘MASS’ ‘PMCMR’ ‘R6’ ‘ROCR’
     ‘afex’ ‘car’ ‘emmeans’ ‘ggridges’ ‘lavaan’ ‘multcomp’ ‘mvnormtest’
     ‘nnet’ ‘psych’ ‘vcd’ ‘vcdExtra’
     All declared Imports should be used.
Flavors: r-devel-linux-x86_64-fedora-clang, r-devel-linux-x86_64-fedora-gcc, r-patched-solaris-x86, r-release-macos-arm64, r-release-macos-x86_64, r-oldrel-macos-x86_64

Version: 1.2.23
Check: dependencies in R code
Result: NOTE
    Namespaces in Imports field not imported from:
     'BayesFactor' 'GGally' 'GPArotation' 'MASS' 'PMCMR' 'R6' 'ROCR'
     'afex' 'car' 'emmeans' 'ggridges' 'lavaan' 'multcomp' 'mvnormtest'
     'nnet' 'psych' 'vcd' 'vcdExtra'
     All declared Imports should be used.
Flavor: r-devel-windows-x86_64-gcc10-UCRT