Last updated on 2024-03-12 07:49:56 CET.
Flavor | Version | Tinstall | Tcheck | Ttotal | Status | Flags |
---|---|---|---|---|---|---|
r-devel-linux-x86_64-debian-clang | 0.4.6 | 117.82 | 355.24 | 473.06 | NOTE | --no-tests |
r-devel-linux-x86_64-debian-gcc | 0.4.6 | 89.16 | 1143.10 | 1232.26 | NOTE | --no-tests |
r-devel-linux-x86_64-fedora-clang | 0.4.6 | 1010.49 | NOTE | |||
r-devel-linux-x86_64-fedora-gcc | 0.4.6 | 904.20 | NOTE | |||
r-devel-windows-x86_64 | 0.4.6 | 90.00 | 419.00 | 509.00 | NOTE | |
r-patched-linux-x86_64 | 0.4.6 | 76.26 | 568.29 | 644.55 | NOTE | --no-tests |
r-release-linux-x86_64 | 0.4.6 | 87.66 | 571.94 | 659.60 | NOTE | --no-tests |
r-release-macos-arm64 | 0.4.6 | 255.00 | NOTE | |||
r-release-macos-x86_64 | 0.4.6 | 405.00 | NOTE | |||
r-release-windows-x86_64 | 0.4.6 | 116.00 | 511.00 | 627.00 | NOTE | |
r-oldrel-macos-arm64 | 0.4.6 | 157.00 | NOTE | |||
r-oldrel-windows-x86_64 | 0.4.6 | 113.00 | 502.00 | 615.00 | OK |
Version: 0.4.6
Flags: --no-tests
Check: C++ specification
Result: NOTE
Specified C++11: please drop specification unless essential
Flavors: r-devel-linux-x86_64-debian-clang, r-devel-linux-x86_64-debian-gcc, r-patched-linux-x86_64, r-release-linux-x86_64
Version: 0.4.6
Check: C++ specification
Result: NOTE
Specified C++11: please drop specification unless essential
Flavors: r-devel-linux-x86_64-fedora-clang, r-devel-linux-x86_64-fedora-gcc, r-devel-windows-x86_64, r-release-macos-arm64, r-release-macos-x86_64, r-release-windows-x86_64
Version: 0.4.6
Check: installed package size
Result: NOTE
installed size is 6.6Mb
sub-directories of 1Mb or more:
data 1.3Mb
libs 4.1Mb
Flavors: r-release-macos-arm64, r-release-macos-x86_64, r-oldrel-macos-arm64