Last updated on 2024-04-18 08:54:34 CEST.
Flavor | Version | Tinstall | Tcheck | Ttotal | Status | Flags |
---|---|---|---|---|---|---|
r-devel-linux-x86_64-debian-clang | 0.0.10 | 3.50 | 72.07 | 75.57 | NOTE | |
r-devel-linux-x86_64-debian-gcc | 0.0.10 | 2.63 | 53.29 | 55.92 | NOTE | |
r-devel-linux-x86_64-fedora-clang | 0.0.10 | 93.56 | NOTE | |||
r-devel-linux-x86_64-fedora-gcc | 0.0.10 | 103.32 | NOTE | |||
r-prerel-macos-arm64 | 0.0.10 | 41.00 | NOTE | |||
r-prerel-windows-x86_64 | 0.0.10 | 5.00 | 73.00 | 78.00 | NOTE | |
r-patched-linux-x86_64 | 0.0.10 | 3.60 | 68.93 | 72.53 | NOTE | |
r-release-linux-x86_64 | 0.0.10 | 3.31 | 68.84 | 72.15 | NOTE | |
r-release-macos-arm64 | 0.0.10 | 42.00 | NOTE | |||
r-release-macos-x86_64 | 0.0.10 | 57.00 | NOTE | |||
r-release-windows-x86_64 | 0.0.10 | 5.00 | 82.00 | 87.00 | NOTE | |
r-oldrel-macos-arm64 | 0.0.10 | 32.00 | NOTE | |||
r-oldrel-windows-x86_64 | 0.0.10 | 5.00 | 88.00 | 93.00 | NOTE |
Version: 0.0.10
Check: package dependencies
Result: NOTE
Package which this enhances but not available for checking: ‘remMap’
Flavors: r-devel-linux-x86_64-debian-clang, r-devel-linux-x86_64-debian-gcc, r-devel-linux-x86_64-fedora-clang, r-devel-linux-x86_64-fedora-gcc, r-prerel-macos-arm64, r-prerel-windows-x86_64, r-patched-linux-x86_64, r-release-linux-x86_64, r-release-macos-arm64, r-release-windows-x86_64, r-oldrel-macos-arm64, r-oldrel-windows-x86_64
Version: 0.0.10
Check: package dependencies
Result: NOTE
Packages which this enhances but not available for checking:
'remMap', 'mcen', 'RMTL'
Flavor: r-release-macos-x86_64