Last updated on 2024-04-23 08:58:03 CEST.
Flavor | Version | Tinstall | Tcheck | Ttotal | Status | Flags |
---|---|---|---|---|---|---|
r-devel-linux-x86_64-debian-clang | 0.1.3 | 1.90 | 20.74 | 22.64 | NOTE | |
r-devel-linux-x86_64-debian-gcc | 0.1.3 | 1.71 | 15.96 | 17.67 | NOTE | |
r-devel-linux-x86_64-fedora-clang | 0.1.3 | 29.09 | NOTE | |||
r-devel-linux-x86_64-fedora-gcc | 0.1.3 | 27.04 | NOTE | |||
r-prerel-macos-arm64 | 0.1.3 | 15.00 | NOTE | |||
r-prerel-windows-x86_64 | 0.1.3 | 2.00 | 38.00 | 40.00 | NOTE | |
r-patched-linux-x86_64 | 0.1.3 | 1.51 | 20.31 | 21.82 | NOTE | |
r-release-linux-x86_64 | 0.1.3 | 1.88 | 19.52 | 21.40 | NOTE | |
r-release-macos-arm64 | 0.1.3 | 15.00 | NOTE | |||
r-release-macos-x86_64 | 0.1.3 | 20.00 | NOTE | |||
r-release-windows-x86_64 | 0.1.3 | 3.00 | 35.00 | 38.00 | NOTE | |
r-oldrel-macos-arm64 | 0.1.3 | 17.00 | NOTE | |||
r-oldrel-windows-x86_64 | 0.1.3 | 3.00 | 45.00 | 48.00 | NOTE |
Version: 0.1.3
Check: LazyData
Result: NOTE
'LazyData' is specified without a 'data' directory
Flavors: r-devel-linux-x86_64-debian-clang, r-devel-linux-x86_64-debian-gcc, r-devel-linux-x86_64-fedora-clang, r-devel-linux-x86_64-fedora-gcc, r-prerel-macos-arm64, r-prerel-windows-x86_64, r-patched-linux-x86_64, r-release-linux-x86_64, r-release-macos-arm64, r-release-macos-x86_64, r-release-windows-x86_64, r-oldrel-macos-arm64, r-oldrel-windows-x86_64