CRAN Package Check Results for Package jpgrid

Last updated on 2024-04-22 08:51:29 CEST.

Flavor Version Tinstall Tcheck Ttotal Status Flags
r-devel-linux-x86_64-debian-clang 0.3.1 9.83 72.92 82.75 OK
r-devel-linux-x86_64-debian-gcc 0.3.1 8.41 55.40 63.81 OK
r-devel-linux-x86_64-fedora-clang 0.3.1 102.84 NOTE
r-devel-linux-x86_64-fedora-gcc 0.3.1 97.32 NOTE
r-prerel-macos-arm64 0.3.1 36.00 OK
r-prerel-windows-x86_64 0.3.1 12.00 71.00 83.00 OK
r-patched-linux-x86_64 0.3.1 10.85 71.79 82.64 OK
r-release-linux-x86_64 0.3.1 7.19 69.33 76.52 OK
r-release-macos-arm64 0.3.1 35.00 OK
r-release-macos-x86_64 0.3.1 56.00 OK
r-release-windows-x86_64 0.3.1 14.00 82.00 96.00 OK
r-oldrel-macos-arm64 0.3.1 38.00 OK
r-oldrel-windows-x86_64 0.3.1 15.00 88.00 103.00 OK

Check Details

Version: 0.3.1
Check: data for non-ASCII characters
Result: NOTE Note: found 925830 marked UTF-8 strings Flavors: r-devel-linux-x86_64-fedora-clang, r-devel-linux-x86_64-fedora-gcc