CRAN Package Check Results for Package jrSiCKLSNMF

Last updated on 2024-04-22 08:51:29 CEST.

Flavor Version Tinstall Tcheck Ttotal Status Flags
r-devel-linux-x86_64-debian-clang 1.2.1 0.37 2.17 2.54 ERROR
r-devel-linux-x86_64-debian-gcc 1.2.1 91.70 598.83 690.53 OK
r-devel-linux-x86_64-fedora-clang 1.2.1 1287.60 OK
r-devel-linux-x86_64-fedora-gcc 1.2.1 1187.89 OK
r-prerel-macos-arm64 1.2.1 300.00 OK
r-prerel-macos-x86_64 1.2.1 593.00 OK
r-prerel-windows-x86_64 1.2.1 86.00 585.00 671.00 OK
r-patched-linux-x86_64 1.2.1 102.31 780.39 882.70 OK
r-release-linux-x86_64 1.2.1 111.71 783.97 895.68 OK
r-release-macos-arm64 1.2.1 180.00 OK
r-release-macos-x86_64 1.2.1 353.00 OK
r-release-windows-x86_64 1.2.1 113.00 743.00 856.00 OK
r-oldrel-macos-arm64 1.2.1 11.00 ERROR
r-oldrel-windows-x86_64 1.2.1 109.00 678.00 787.00 OK

Check Details

Version: 1.2.1
Check: package dependencies
Result: ERROR Package required but not available: ‘scran’ See section ‘The DESCRIPTION file’ in the ‘Writing R Extensions’ manual. Flavors: r-devel-linux-x86_64-debian-clang, r-oldrel-macos-arm64