Last updated on 2024-04-19 08:54:44 CEST.
Flavor | Version | Tinstall | Tcheck | Ttotal | Status | Flags |
---|---|---|---|---|---|---|
r-devel-linux-x86_64-debian-clang | 1.5.2 | 40.98 | 261.27 | 302.25 | OK | |
r-devel-linux-x86_64-debian-gcc | 1.5.3 | OK | ||||
r-devel-linux-x86_64-fedora-clang | 1.5.3 | 398.46 | NOTE | |||
r-devel-linux-x86_64-fedora-gcc | 1.5.3 | 387.84 | OK | |||
r-prerel-macos-arm64 | 1.5.3 | 63.00 | OK | |||
r-prerel-macos-x86_64 | 1.5.3 | 111.00 | OK | |||
r-prerel-windows-x86_64 | 1.5.3 | 32.00 | 209.00 | 241.00 | OK | |
r-patched-linux-x86_64 | 1.5.3 | 37.36 | 254.06 | 291.42 | OK | |
r-release-linux-x86_64 | 1.5.2 | 40.13 | 248.24 | 288.37 | OK | |
r-release-macos-arm64 | 1.5.3 | 71.00 | OK | |||
r-release-macos-x86_64 | 1.5.3 | 107.00 | OK | |||
r-release-windows-x86_64 | 1.5.3 | 32.00 | 234.00 | 266.00 | OK | |
r-oldrel-macos-arm64 | 1.5.3 | 64.00 | OK | |||
r-oldrel-windows-x86_64 | 1.5.3 | 32.00 | 261.00 | 293.00 | OK |
Version: 1.5.3
Check: package dependencies
Result: NOTE
Imports includes 32 non-default packages.
Importing from so many packages makes the package vulnerable to any of
them becoming unavailable. Move as many as possible to Suggests and
use conditionally.
Flavor: r-devel-linux-x86_64-fedora-clang