Last updated on 2024-04-26 08:55:01 CEST.
Flavor | Version | Tinstall | Tcheck | Ttotal | Status | Flags |
---|---|---|---|---|---|---|
r-devel-linux-x86_64-debian-clang | 1.2.2 | 82.85 | 38.24 | 121.09 | NOTE | |
r-devel-linux-x86_64-debian-gcc | 1.2.2 | 64.89 | 29.34 | 94.23 | NOTE | |
r-devel-linux-x86_64-fedora-clang | 1.2.2 | 174.67 | NOTE | |||
r-devel-linux-x86_64-fedora-gcc | 1.2.2 | 186.85 | NOTE | |||
r-devel-windows-x86_64 | 1.2.2 | 61.00 | 76.00 | 137.00 | NOTE | |
r-patched-linux-x86_64 | 1.2.2 | 75.77 | 36.85 | 112.62 | NOTE | |
r-release-linux-x86_64 | 1.2.2 | 80.46 | 35.21 | 115.67 | NOTE | |
r-release-macos-arm64 | 1.2.2 | 45.00 | NOTE | |||
r-release-windows-x86_64 | 1.2.2 | 62.00 | 76.00 | 138.00 | NOTE | |
r-oldrel-macos-arm64 | 1.2.2 | 55.00 | NOTE | |||
r-oldrel-macos-x86_64 | 1.2.2 | 69.00 | NOTE | |||
r-oldrel-windows-x86_64 | 1.2.2 | 62.00 | 81.00 | 143.00 | NOTE |
Version: 1.2.2
Check: C++ specification
Result: NOTE
Specified C++11: please drop specification unless essential
Flavors: r-devel-linux-x86_64-debian-clang, r-devel-linux-x86_64-debian-gcc, r-devel-linux-x86_64-fedora-clang, r-devel-linux-x86_64-fedora-gcc, r-devel-windows-x86_64, r-patched-linux-x86_64, r-release-linux-x86_64, r-release-macos-arm64, r-release-windows-x86_64, r-oldrel-macos-arm64, r-oldrel-macos-x86_64, r-oldrel-windows-x86_64
Version: 1.2.2
Check: installed package size
Result: NOTE
installed size is 5.3Mb
sub-directories of 1Mb or more:
doc 1.2Mb
libs 3.9Mb
Flavors: r-release-macos-arm64, r-oldrel-macos-arm64, r-oldrel-macos-x86_64