CRAN Package Check Results for Package jsonify

Last updated on 2021-06-21 08:49:52 CEST.

Flavor Version Tinstall Tcheck Ttotal Status Flags
r-devel-linux-x86_64-debian-clang 1.2.1 81.15 33.88 115.03 OK
r-devel-linux-x86_64-debian-gcc 1.2.1 52.52 26.65 79.17 OK
r-devel-linux-x86_64-fedora-clang 1.2.1 169.51 NOTE
r-devel-linux-x86_64-fedora-gcc 1.2.1 146.21 OK
r-devel-windows-x86_64 1.2.1 117.00 48.00 165.00 OK
r-devel-windows-x86_64-gcc10-UCRT 1.2.1 NOTE
r-patched-linux-x86_64 1.2.1 61.04 33.01 94.05 OK
r-patched-solaris-x86 1.2.1 145.00 OK
r-release-linux-x86_64 1.2.1 58.58 32.77 91.35 OK
r-release-macos-arm64 1.2.1 NOTE
r-release-macos-x86_64 1.2.1 NOTE
r-release-windows-ix86+x86_64 1.2.1 176.00 83.00 259.00 OK
r-oldrel-macos-x86_64 1.2.1 NOTE

Check Details

Version: 1.2.1
Check: installed package size
Result: NOTE
     installed size is 6.1Mb
     sub-directories of 1Mb or more:
     doc 1.2Mb
     libs 4.7Mb
Flavors: r-devel-linux-x86_64-fedora-clang, r-release-macos-arm64, r-release-macos-x86_64, r-oldrel-macos-x86_64

Version: 1.2.1
Check: package dependencies
Result: NOTE
    Package suggested but not available for checking: 'covr'
Flavor: r-devel-windows-x86_64-gcc10-UCRT