CRAN Package Check Results for Package jstable

Last updated on 2021-05-11 08:48:16 CEST.

Flavor Version Tinstall Tcheck Ttotal Status Flags
r-devel-linux-x86_64-debian-clang 1.0.2 17.84 193.66 211.50 NOTE
r-devel-linux-x86_64-debian-gcc 1.0.2 13.71 143.02 156.73 NOTE
r-devel-linux-x86_64-fedora-clang 1.0.2 256.73 NOTE
r-devel-linux-x86_64-fedora-gcc 1.0.2 245.59 NOTE
r-devel-windows-ix86+x86_64 1.0.2 40.00 242.00 282.00 NOTE
r-devel-windows-x86_64-gcc10-UCRT 1.0.2 NOTE
r-patched-linux-x86_64 1.0.2 17.10 185.57 202.67 NOTE
r-patched-solaris-x86 1.0.2 352.00 NOTE
r-release-linux-x86_64 1.0.2 17.33 182.41 199.74 OK
r-release-macos-x86_64 1.0.2 OK
r-release-windows-ix86+x86_64 1.0.2 26.00 183.00 209.00 OK
r-oldrel-macos-x86_64 1.0.2 OK
r-oldrel-windows-ix86+x86_64 1.0.2 34.00 223.00 257.00 OK

Check Details

Version: 1.0.2
Check: LazyData
Result: NOTE
     'LazyData' is specified without a 'data' directory
Flavors: r-devel-linux-x86_64-debian-clang, r-devel-linux-x86_64-debian-gcc, r-devel-linux-x86_64-fedora-clang, r-devel-linux-x86_64-fedora-gcc, r-devel-windows-ix86+x86_64, r-devel-windows-x86_64-gcc10-UCRT, r-patched-linux-x86_64, r-patched-solaris-x86