Last updated on 2024-03-12 07:49:56 CET.
Flavor | Version | Tinstall | Tcheck | Ttotal | Status | Flags |
---|---|---|---|---|---|---|
r-devel-linux-x86_64-debian-clang | 2.2.2 | 13.52 | 185.25 | 198.77 | NOTE | |
r-devel-linux-x86_64-debian-gcc | 2.2.2 | 12.01 | 141.45 | 153.46 | NOTE | |
r-devel-linux-x86_64-fedora-clang | 2.2.2 | 243.79 | NOTE | |||
r-devel-linux-x86_64-fedora-gcc | 2.2.2 | 300.47 | NOTE | |||
r-devel-windows-x86_64 | 2.2.2 | 15.00 | 162.00 | 177.00 | NOTE | |
r-patched-linux-x86_64 | 2.2.2 | 13.38 | 180.50 | 193.88 | NOTE | |
r-release-linux-x86_64 | 2.2.2 | 14.85 | 177.15 | 192.00 | NOTE | |
r-release-macos-arm64 | 2.2.2 | 82.00 | OK | |||
r-release-macos-x86_64 | 2.2.2 | 144.00 | OK | |||
r-release-windows-x86_64 | 2.2.2 | 18.00 | 194.00 | 212.00 | OK | |
r-oldrel-macos-arm64 | 2.2.2 | 78.00 | OK | |||
r-oldrel-windows-x86_64 | 2.2.2 | 19.00 | 187.00 | 206.00 | OK |
Version: 2.2.2
Check: Rd files
Result: NOTE
checkRd: (-1) export_summs.Rd:26: Lost braces; missing escapes or markup?
26 | Default: "({std.error})"}
| ^
Flavors: r-devel-linux-x86_64-debian-clang, r-devel-linux-x86_64-debian-gcc, r-devel-linux-x86_64-fedora-clang, r-devel-linux-x86_64-fedora-gcc, r-devel-windows-x86_64
Version: 2.2.2
Check: package dependencies
Result: NOTE
Package which this enhances but not available for checking: ‘rstanarm’
Flavors: r-patched-linux-x86_64, r-release-linux-x86_64