CRAN Package Check Results for Package kedd

Last updated on 2021-07-26 09:54:08 CEST.

Flavor Version Tinstall Tcheck Ttotal Status Flags
r-devel-linux-x86_64-debian-clang 1.0.3 12.16 117.39 129.55 OK
r-devel-linux-x86_64-debian-gcc 1.0.3 9.92 85.76 95.68 OK
r-devel-linux-x86_64-fedora-clang 1.0.3 164.96 NOTE
r-devel-linux-x86_64-fedora-gcc 1.0.3 152.59 OK
r-devel-windows-x86_64 1.0.3 14.00 198.00 212.00 OK
r-devel-windows-x86_64-gcc10-UCRT 1.0.3 OK
r-patched-linux-x86_64 1.0.3 12.36 115.86 128.22 OK
r-patched-solaris-x86 1.0.3 286.50 OK
r-release-linux-x86_64 1.0.3 10.84 113.76 124.60 OK
r-release-macos-arm64 1.0.3 OK
r-release-macos-x86_64 1.0.3 OK
r-release-windows-ix86+x86_64 1.0.3 15.00 147.00 162.00 OK
r-oldrel-macos-x86_64 1.0.3 OK
r-oldrel-windows-ix86+x86_64 1.0.3 14.00 149.00 163.00 OK

Check Details

Version: 1.0.3
Check: Rd cross-references
Result: NOTE
    Undeclared packages ‘nor1mix’, ‘ks’, ‘sm’, ‘locfit’, ‘orthopolynom’ in Rd xrefs
Flavor: r-devel-linux-x86_64-fedora-clang