Last updated on 2025-01-25 07:50:30 CET.
Flavor | Version | Tinstall | Tcheck | Ttotal | Status | Flags |
---|---|---|---|---|---|---|
r-devel-linux-x86_64-debian-clang | 0.2.1 | 75.03 | 119.37 | 194.40 | OK | |
r-devel-linux-x86_64-debian-gcc | 0.2.1 | 64.50 | 84.61 | 149.11 | OK | |
r-devel-linux-x86_64-fedora-clang | 0.2.1 | 321.35 | NOTE | |||
r-devel-linux-x86_64-fedora-gcc | 0.2.1 | 381.15 | NOTE | |||
r-devel-windows-x86_64 | 0.2.1 | 83.00 | 165.00 | 248.00 | OK | |
r-patched-linux-x86_64 | 0.2.1 | 91.69 | 116.03 | 207.72 | OK | |
r-release-linux-x86_64 | 0.2.1 | 88.53 | 110.09 | 198.62 | OK | |
r-release-macos-arm64 | 0.2.1 | 238.00 | NOTE | |||
r-release-macos-x86_64 | 0.2.1 | 287.00 | NOTE | |||
r-release-windows-x86_64 | 0.2.1 | 84.00 | 156.00 | 240.00 | OK | |
r-oldrel-macos-arm64 | 0.2.1 | 241.00 | NOTE | |||
r-oldrel-macos-x86_64 | 0.2.1 | 273.00 | NOTE | |||
r-oldrel-windows-x86_64 | 0.2.1 | 103.00 | 196.00 | 299.00 | OK |
Version: 0.2.1
Check: dependencies in R code
Result: NOTE
Namespace in Imports field not imported from: ‘RcppProgress’
All declared Imports should be used.
Flavors: r-devel-linux-x86_64-fedora-clang, r-devel-linux-x86_64-fedora-gcc
Version: 0.2.1
Check: installed package size
Result: NOTE
installed size is 18.3Mb
sub-directories of 1Mb or more:
libs 17.9Mb
Flavors: r-release-macos-arm64, r-release-macos-x86_64, r-oldrel-macos-arm64, r-oldrel-macos-x86_64