Last updated on 2024-04-25 07:59:56 CEST.
Flavor | Version | Tinstall | Tcheck | Ttotal | Status | Flags |
---|---|---|---|---|---|---|
r-devel-linux-x86_64-debian-clang | 0.4-2 | 29.06 | 83.31 | 112.37 | NOTE | |
r-devel-linux-x86_64-debian-gcc | 0.4-2 | 23.91 | 61.07 | 84.98 | NOTE | |
r-devel-linux-x86_64-fedora-clang | 0.4-2 | 146.16 | NOTE | |||
r-devel-linux-x86_64-fedora-gcc | 0.4-2 | 137.66 | NOTE | |||
r-devel-windows-x86_64 | 0.4-2 | 29.00 | 92.00 | 121.00 | NOTE | |
r-patched-linux-x86_64 | 0.4-2 | 33.11 | 77.04 | 110.15 | NOTE | |
r-release-linux-x86_64 | 0.4-2 | 30.35 | 74.15 | 104.50 | OK | |
r-release-macos-arm64 | 0.4-2 | 35.00 | NOTE | |||
r-release-windows-x86_64 | 0.4-2 | 28.00 | 94.00 | 122.00 | NOTE | |
r-oldrel-macos-arm64 | 0.4-2 | 35.00 | OK | |||
r-oldrel-macos-x86_64 | 0.4-2 | 71.00 | OK | |||
r-oldrel-windows-x86_64 | 0.4-2 | 36.00 | 113.00 | 149.00 | OK |
Version: 0.4-2
Check: Rd files
Result: NOTE
checkRd: (-1) plotkmc.Rd:21: Lost braces; missing escapes or markup?
21 | list of two functions,flist=list( f1=function( x ) { x } ,f2=function( x ) { x^2 } )
| ^
checkRd: (-1) plotkmc.Rd:21: Lost braces; missing escapes or markup?
21 | list of two functions,flist=list( f1=function( x ) { x } ,f2=function( x ) { x^2 } )
| ^
Flavors: r-devel-linux-x86_64-debian-clang, r-devel-linux-x86_64-debian-gcc, r-devel-linux-x86_64-fedora-clang, r-devel-linux-x86_64-fedora-gcc, r-devel-windows-x86_64, r-patched-linux-x86_64, r-release-macos-arm64, r-release-windows-x86_64