CRAN Package Check Results for Package kmlShape

Last updated on 2021-07-25 08:51:00 CEST.

Flavor Version Tinstall Tcheck Ttotal Status Flags
r-devel-linux-x86_64-debian-clang 0.9.5 11.27 64.89 76.16 OK
r-devel-linux-x86_64-debian-gcc 0.9.5 8.59 51.86 60.45 OK
r-devel-linux-x86_64-fedora-clang 0.9.5 105.77 NOTE
r-devel-linux-x86_64-fedora-gcc 0.9.5 104.23 NOTE
r-devel-windows-x86_64 0.9.5 13.00 74.00 87.00 OK
r-devel-windows-x86_64-gcc10-UCRT 0.9.5 OK
r-patched-linux-x86_64 0.9.5 19.50 71.73 91.23 OK
r-patched-solaris-x86 0.9.5 132.50 OK
r-release-linux-x86_64 0.9.5 10.43 62.83 73.26 OK
r-release-macos-arm64 0.9.5 OK
r-release-macos-x86_64 0.9.5 OK
r-release-windows-ix86+x86_64 0.9.5 25.00 103.00 128.00 OK
r-oldrel-macos-x86_64 0.9.5 OK
r-oldrel-windows-ix86+x86_64 0.9.5 26.00 98.00 124.00 OK

Check Details

Version: 0.9.5
Check: compiled code
Result: NOTE
    File ‘kmlShape/libs/kmlShape.so’:
     Found no calls to: ‘R_registerRoutines’, ‘R_useDynamicSymbols’
    
    It is good practice to register native routines and to disable symbol
    search.
    
    See ‘Writing portable packages’ in the ‘Writing R Extensions’ manual.
Flavors: r-devel-linux-x86_64-fedora-clang, r-devel-linux-x86_64-fedora-gcc