CRAN Package Check Results for Package knitr

Last updated on 2021-04-21 08:48:09 CEST.

Flavor Version Tinstall Tcheck Ttotal Status Flags
r-devel-linux-x86_64-debian-clang 1.32 12.08 99.95 112.03 OK
r-devel-linux-x86_64-debian-gcc 1.32 9.15 76.41 85.56 OK
r-devel-linux-x86_64-fedora-clang 1.32 151.96 OK
r-devel-linux-x86_64-fedora-gcc 1.32 140.01 OK
r-devel-windows-ix86+x86_64 1.32 21.00 141.00 162.00 OK
r-devel-windows-x86_64-gcc10-UCRT 1.32 NOTE
r-patched-linux-x86_64 1.32 15.44 91.71 107.15 OK
r-patched-solaris-x86 1.32 155.40 NOTE
r-release-linux-x86_64 1.32 11.63 91.29 102.92 OK
r-release-macos-x86_64 1.32 OK
r-release-windows-ix86+x86_64 1.32 19.00 126.00 145.00 OK
r-oldrel-macos-x86_64 1.32 OK
r-oldrel-windows-ix86+x86_64 1.32 15.00 102.00 117.00 OK

Check Details

Version: 1.32
Check: package dependencies
Result: NOTE
    Packages suggested but not available for checking: 'rgl', 'gifski'
Flavor: r-devel-windows-x86_64-gcc10-UCRT

Version: 1.32
Check: Rd cross-references
Result: NOTE
    Package unavailable to check Rd xrefs: 'rgl'
Flavor: r-devel-windows-x86_64-gcc10-UCRT

Version: 1.32
Check: package dependencies
Result: NOTE
    Package suggested but not available for checking: ‘gifski’
Flavor: r-patched-solaris-x86