CRAN Package Check Results for Package knitrProgressBar

Last updated on 2024-05-23 08:55:59 CEST.

Flavor Version Tinstall Tcheck Ttotal Status Flags
r-devel-linux-x86_64-debian-clang 1.1.0 4.75 34.01 38.76 NOTE
r-devel-linux-x86_64-debian-gcc 1.1.0 3.87 26.98 30.85 NOTE
r-devel-linux-x86_64-fedora-clang 1.1.0 51.20 NOTE
r-devel-linux-x86_64-fedora-gcc 1.1.0 65.98 NOTE
r-devel-windows-x86_64 1.1.0 5.00 56.00 61.00 NOTE
r-patched-linux-x86_64 1.1.0 5.31 34.52 39.83 NOTE
r-release-linux-x86_64 1.1.0 5.16 33.02 38.18 NOTE
r-release-macos-arm64 1.1.0 31.00 NOTE
r-release-windows-x86_64 1.1.0 6.00 57.00 63.00 NOTE
r-oldrel-macos-arm64 1.1.0 33.00 NOTE
r-oldrel-macos-x86_64 1.1.0 44.00 NOTE
r-oldrel-windows-x86_64 1.1.0 5.00 56.00 61.00 NOTE

Check Details

Version: 1.1.0
Check: LazyData
Result: NOTE 'LazyData' is specified without a 'data' directory Flavors: r-devel-linux-x86_64-debian-clang, r-devel-linux-x86_64-debian-gcc, r-devel-linux-x86_64-fedora-clang, r-devel-linux-x86_64-fedora-gcc, r-devel-windows-x86_64, r-patched-linux-x86_64, r-release-linux-x86_64, r-release-macos-arm64, r-release-windows-x86_64, r-oldrel-macos-arm64, r-oldrel-macos-x86_64, r-oldrel-windows-x86_64

Version: 1.1.0
Check: for non-standard things in the check directory
Result: NOTE Found the following files/directories: ‘Killed after ’ Flavors: r-devel-linux-x86_64-debian-clang, r-devel-linux-x86_64-debian-gcc, r-devel-linux-x86_64-fedora-clang, r-devel-linux-x86_64-fedora-gcc, r-patched-linux-x86_64, r-release-linux-x86_64