Last updated on 2024-04-18 08:54:34 CEST.
Flavor | Version | Tinstall | Tcheck | Ttotal | Status | Flags |
---|---|---|---|---|---|---|
r-devel-linux-x86_64-debian-clang | 0.6.1 | 2.03 | 52.51 | 54.54 | NOTE | |
r-devel-linux-x86_64-debian-gcc | 0.6.1 | 2.46 | 40.65 | 43.11 | NOTE | |
r-devel-linux-x86_64-fedora-clang | 0.6.1 | 72.80 | NOTE | |||
r-devel-linux-x86_64-fedora-gcc | 0.6.1 | 81.92 | NOTE | |||
r-prerel-macos-arm64 | 0.6.1 | 37.00 | NOTE | |||
r-prerel-windows-x86_64 | 0.6.1 | 4.00 | 66.00 | 70.00 | NOTE | |
r-patched-linux-x86_64 | 0.6.1 | 2.93 | 50.88 | 53.81 | NOTE | |
r-release-linux-x86_64 | 0.6.1 | 3.17 | 47.21 | 50.38 | NOTE | |
r-release-macos-arm64 | 0.6.1 | 36.00 | NOTE | |||
r-release-macos-x86_64 | 0.6.1 | 51.00 | NOTE | |||
r-release-windows-x86_64 | 0.6.1 | 4.00 | 66.00 | 70.00 | NOTE | |
r-oldrel-macos-arm64 | 0.6.1 | 27.00 | NOTE | |||
r-oldrel-windows-x86_64 | 0.6.1 | 4.00 | 70.00 | 74.00 | NOTE |
Version: 0.6.1
Check: LazyData
Result: NOTE
'LazyData' is specified without a 'data' directory
Flavors: r-devel-linux-x86_64-debian-clang, r-devel-linux-x86_64-debian-gcc, r-devel-linux-x86_64-fedora-clang, r-devel-linux-x86_64-fedora-gcc, r-prerel-macos-arm64, r-prerel-windows-x86_64, r-patched-linux-x86_64, r-release-linux-x86_64, r-release-macos-arm64, r-release-macos-x86_64, r-release-windows-x86_64, r-oldrel-macos-arm64, r-oldrel-windows-x86_64
Version: 0.6.1
Check: dependencies in R code
Result: NOTE
Namespace in Imports field not imported from: ‘methods’
All declared Imports should be used.
Flavors: r-devel-linux-x86_64-fedora-clang, r-devel-linux-x86_64-fedora-gcc, r-oldrel-macos-arm64