Last updated on 2024-04-27 08:48:30 CEST.
Flavor | Version | Tinstall | Tcheck | Ttotal | Status | Flags |
---|---|---|---|---|---|---|
r-devel-linux-x86_64-debian-clang | 1.0.3 | 20.94 | 66.10 | 87.04 | OK | |
r-devel-linux-x86_64-debian-gcc | 1.0.3 | 17.36 | 48.02 | 65.38 | OK | |
r-devel-linux-x86_64-fedora-clang | 1.0.3 | 115.25 | NOTE | |||
r-devel-linux-x86_64-fedora-gcc | 1.0.3 | 116.57 | OK | |||
r-devel-windows-x86_64 | 1.0.3 | 17.00 | 69.00 | 86.00 | OK | |
r-patched-linux-x86_64 | 1.0.3 | 19.73 | 60.90 | 80.63 | OK | |
r-release-linux-x86_64 | 1.0.3 | 16.06 | 61.81 | 77.87 | OK | |
r-release-macos-arm64 | 1.0.3 | 37.00 | OK | |||
r-release-windows-x86_64 | 1.0.3 | 18.00 | 72.00 | 90.00 | OK | |
r-oldrel-macos-arm64 | 1.0.3 | 59.00 | OK | |||
r-oldrel-macos-x86_64 | 1.0.3 | 131.00 | OK | |||
r-oldrel-windows-x86_64 | 1.0.3 | 17.00 | 77.00 | 94.00 | OK |
Version: 1.0.3
Check: installed package size
Result: NOTE
installed size is 5.8Mb
sub-directories of 1Mb or more:
libs 5.0Mb
Flavor: r-devel-linux-x86_64-fedora-clang