CRAN Package Check Results for Package labelled

Last updated on 2021-04-19 09:50:47 CEST.

Flavor Version Tinstall Tcheck Ttotal Status Flags
r-devel-linux-x86_64-debian-clang 2.8.0 6.57 67.16 73.73 NOTE
r-devel-linux-x86_64-debian-gcc 2.8.0 4.87 50.79 55.66 NOTE
r-devel-linux-x86_64-fedora-clang 2.8.0 103.16 NOTE
r-devel-linux-x86_64-fedora-gcc 2.8.0 88.98 NOTE
r-devel-windows-ix86+x86_64 2.8.0 12.00 66.00 78.00 NOTE
r-devel-windows-x86_64-gcc10-UCRT 2.8.0 NOTE
r-patched-linux-x86_64 2.8.0 5.50 64.29 69.79 OK
r-patched-solaris-x86 2.8.0 121.60 OK
r-release-linux-x86_64 2.8.0 5.54 63.32 68.86 OK
r-release-macos-x86_64 2.8.0 OK
r-release-windows-ix86+x86_64 2.8.0 16.00 99.00 115.00 OK
r-oldrel-macos-x86_64 2.8.0 OK
r-oldrel-windows-ix86+x86_64 2.8.0 9.00 94.00 103.00 OK

Check Details

Version: 2.8.0
Check: LazyData
Result: NOTE
     'LazyData' is specified without a 'data' directory
Flavors: r-devel-linux-x86_64-debian-clang, r-devel-linux-x86_64-debian-gcc, r-devel-linux-x86_64-fedora-clang, r-devel-linux-x86_64-fedora-gcc, r-devel-windows-ix86+x86_64, r-devel-windows-x86_64-gcc10-UCRT