Last updated on 2024-08-31 08:48:15 CEST.
Flavor | Version | Tinstall | Tcheck | Ttotal | Status | Flags |
---|---|---|---|---|---|---|
r-devel-linux-x86_64-debian-clang | 0.1.8 | 9.65 | 268.46 | 278.11 | OK | |
r-devel-linux-x86_64-debian-gcc | 0.1.8 | 6.36 | 162.16 | 168.52 | OK | |
r-devel-linux-x86_64-fedora-clang | 0.1.8 | 504.72 | OK | |||
r-devel-linux-x86_64-fedora-gcc | 0.1.8 | 502.07 | OK | |||
r-devel-windows-x86_64 | 0.1.8 | 11.00 | 263.00 | 274.00 | OK | |
r-patched-linux-x86_64 | 0.1.8 | 9.45 | 243.27 | 252.72 | OK | |
r-release-linux-x86_64 | 0.1.8 | 8.65 | 246.70 | 255.35 | OK | |
r-release-macos-arm64 | 0.1.8 | 115.00 | OK | |||
r-release-macos-x86_64 | 0.1.8 | 315.00 | OK | |||
r-release-windows-x86_64 | 0.1.8 | 20.00 | 274.00 | 294.00 | OK | |
r-oldrel-macos-arm64 | 0.1.8 | 164.00 | ERROR | |||
r-oldrel-macos-x86_64 | 0.1.8 | 460.00 | ERROR | |||
r-oldrel-windows-x86_64 | 0.1.8 | 11.00 | 324.00 | 335.00 | OK |
Version: 0.1.8
Check: running R code from vignettes
Result: ERROR
Errors in running code in vignettes:
when running code in ‘labelr-special-topics.Rmd’
...
Valiant 18.1 q050 0 auto
> mtbad <- add_val1(data = mtcars, var = gear, vals = -Inf,
+ labs = c("neg.inf"))
When sourcing ‘labelr-special-topics.R’:
Error:
Cannot supply NA, NaN, Inf, or character variants as a val or lab arg.
These are handled automatically.
Execution halted
‘labelr-introduction.Rmd’ using ‘UTF-8’... [1s/1s] OK
‘labelr-special-topics.Rmd’ using ‘UTF-8’... failed
Flavor: r-oldrel-macos-arm64
Version: 0.1.8
Check: running R code from vignettes
Result: ERROR
Errors in running code in vignettes:
when running code in ‘labelr-special-topics.Rmd’
...
Valiant 18.1 q050 0 auto
> mtbad <- add_val1(data = mtcars, var = gear, vals = -Inf,
+ labs = c("neg.inf"))
When sourcing ‘labelr-special-topics.R’:
Error:
Cannot supply NA, NaN, Inf, or character variants as a val or lab arg.
These are handled automatically.
Execution halted
‘labelr-introduction.Rmd’ using ‘UTF-8’... [2s/3s] OK
‘labelr-special-topics.Rmd’ using ‘UTF-8’... failed
Flavor: r-oldrel-macos-x86_64