Last updated on 2024-04-18 08:54:34 CEST.
Flavor | Version | Tinstall | Tcheck | Ttotal | Status | Flags |
---|---|---|---|---|---|---|
r-devel-linux-x86_64-debian-clang | 1.1.0 | 14.56 | 45.67 | 60.23 | NOTE | |
r-devel-linux-x86_64-debian-gcc | 1.1.0 | 13.47 | 32.34 | 45.81 | NOTE | |
r-devel-linux-x86_64-fedora-clang | 1.1.0 | 75.03 | NOTE | |||
r-devel-linux-x86_64-fedora-gcc | 1.1.0 | 70.85 | NOTE | |||
r-prerel-macos-arm64 | 1.1.0 | 24.00 | NOTE | |||
r-prerel-windows-x86_64 | 1.1.0 | 12.00 | 47.00 | 59.00 | NOTE | |
r-patched-linux-x86_64 | 1.1.0 | 12.65 | 41.43 | 54.08 | NOTE | |
r-release-linux-x86_64 | 1.1.0 | 16.34 | 42.83 | 59.17 | NOTE | |
r-release-macos-arm64 | 1.1.0 | 25.00 | NOTE | |||
r-release-macos-x86_64 | 1.1.0 | 39.00 | NOTE | |||
r-release-windows-x86_64 | 1.1.0 | 13.00 | 53.00 | 66.00 | NOTE | |
r-oldrel-macos-arm64 | 1.1.0 | 24.00 | NOTE | |||
r-oldrel-windows-x86_64 | 1.1.0 | 16.00 | 55.00 | 71.00 | NOTE |
Version: 1.1.0
Check: LazyData
Result: NOTE
'LazyData' is specified without a 'data' directory
Flavors: r-devel-linux-x86_64-debian-clang, r-devel-linux-x86_64-debian-gcc, r-devel-linux-x86_64-fedora-clang, r-devel-linux-x86_64-fedora-gcc, r-prerel-macos-arm64, r-prerel-windows-x86_64, r-patched-linux-x86_64, r-release-linux-x86_64, r-release-macos-arm64, r-release-macos-x86_64, r-release-windows-x86_64, r-oldrel-macos-arm64, r-oldrel-windows-x86_64