CRAN Package Check Results for Package lagsarlmtree

Last updated on 2021-07-25 08:51:00 CEST.

Flavor Version Tinstall Tcheck Ttotal Status Flags
r-devel-linux-x86_64-debian-clang 1.0-1 14.85 157.12 171.97 OK
r-devel-linux-x86_64-debian-gcc 1.0-1 11.83 122.80 134.63 OK
r-devel-linux-x86_64-fedora-clang 1.0-1 219.43 NOTE
r-devel-linux-x86_64-fedora-gcc 1.0-1 205.50 OK
r-devel-windows-x86_64 1.0-1 19.00 132.00 151.00 NOTE
r-devel-windows-x86_64-gcc10-UCRT 1.0-1 OK
r-patched-linux-x86_64 1.0-1 16.89 148.67 165.56 OK
r-patched-solaris-x86 1.0-1 307.70 NOTE
r-release-linux-x86_64 1.0-1 14.91 148.97 163.88 OK
r-release-macos-arm64 1.0-1 NOTE
r-release-macos-x86_64 1.0-1 NOTE
r-release-windows-ix86+x86_64 1.0-1 39.00 129.00 168.00 NOTE
r-oldrel-macos-x86_64 1.0-1 NOTE
r-oldrel-windows-ix86+x86_64 1.0-1 48.00 168.00 216.00 NOTE

Check Details

Version: 1.0-1
Check: installed package size
Result: NOTE
     installed size is 8.4Mb
     sub-directories of 1Mb or more:
     data 8.3Mb
Flavors: r-devel-linux-x86_64-fedora-clang, r-devel-windows-x86_64, r-patched-solaris-x86, r-release-macos-arm64, r-release-macos-x86_64, r-release-windows-ix86+x86_64, r-oldrel-macos-x86_64, r-oldrel-windows-ix86+x86_64

Version: 1.0-1
Check: Rd cross-references
Result: NOTE
    Undeclared package ‘spdep’ in Rd xrefs
Flavor: r-devel-linux-x86_64-fedora-clang