Last updated on 2024-03-12 07:49:57 CET.
Flavor | Version | Tinstall | Tcheck | Ttotal | Status | Flags |
---|---|---|---|---|---|---|
r-devel-linux-x86_64-debian-clang | 0.1-2 | 13.09 | 110.09 | 123.18 | OK | |
r-devel-linux-x86_64-debian-gcc | 0.1-2 | 10.88 | 83.54 | 94.42 | OK | |
r-devel-linux-x86_64-fedora-clang | 0.1-2 | 155.90 | NOTE | |||
r-devel-linux-x86_64-fedora-gcc | 0.1-2 | 158.43 | NOTE | |||
r-devel-windows-x86_64 | 0.1-2 | 11.00 | 88.00 | 99.00 | OK | |
r-patched-linux-x86_64 | 0.1-2 | 16.73 | 108.31 | 125.04 | OK | |
r-release-linux-x86_64 | 0.1-2 | 12.49 | 108.90 | 121.39 | OK | |
r-release-macos-arm64 | 0.1-2 | 52.00 | OK | |||
r-release-macos-x86_64 | 0.1-2 | 61.00 | OK | |||
r-release-windows-x86_64 | 0.1-2 | 14.00 | 100.00 | 114.00 | OK | |
r-oldrel-macos-arm64 | 0.1-2 | 43.00 | NOTE | |||
r-oldrel-windows-x86_64 | 0.1-2 | 15.00 | 109.00 | 124.00 | OK |
Version: 0.1-2
Check: data for non-ASCII characters
Result: NOTE
Note: found 6 marked UTF-8 strings
Flavors: r-devel-linux-x86_64-fedora-clang, r-devel-linux-x86_64-fedora-gcc, r-oldrel-macos-arm64