Last updated on 2024-04-19 08:54:44 CEST.
Flavor | Version | Tinstall | Tcheck | Ttotal | Status | Flags |
---|---|---|---|---|---|---|
r-devel-linux-x86_64-debian-clang | 2.11.0 | 23.28 | 220.75 | 244.03 | NOTE | |
r-devel-linux-x86_64-debian-gcc | 2.11.0 | NOTE | ||||
r-devel-linux-x86_64-fedora-clang | 2.11.0 | 297.16 | NOTE | |||
r-devel-linux-x86_64-fedora-gcc | 2.11.0 | 283.11 | NOTE | |||
r-prerel-macos-arm64 | 2.11.0 | 76.00 | NOTE | |||
r-prerel-macos-x86_64 | 2.11.0 | 215.00 | NOTE | |||
r-prerel-windows-x86_64 | 2.11.0 | 31.00 | 181.00 | 212.00 | NOTE | |
r-patched-linux-x86_64 | 2.11.0 | 29.00 | 210.24 | 239.24 | NOTE | |
r-release-linux-x86_64 | 2.11.0 | 23.97 | 206.72 | 230.69 | NOTE | |
r-release-macos-arm64 | 2.11.0 | 89.00 | NOTE | |||
r-release-macos-x86_64 | 2.11.0 | 211.00 | NOTE | |||
r-release-windows-x86_64 | 2.11.0 | 36.00 | 217.00 | 253.00 | NOTE | |
r-oldrel-macos-arm64 | 2.11.0 | 79.00 | NOTE | |||
r-oldrel-windows-x86_64 | 2.11.0 | 35.00 | 212.00 | 247.00 | NOTE |
Version: 2.11.0
Check: for GNU extensions in Makefiles
Result: NOTE
GNU make is a SystemRequirements.
Flavors: r-devel-linux-x86_64-debian-clang, r-devel-linux-x86_64-debian-gcc, r-devel-linux-x86_64-fedora-clang, r-devel-linux-x86_64-fedora-gcc, r-prerel-macos-arm64, r-prerel-macos-x86_64, r-prerel-windows-x86_64, r-patched-linux-x86_64, r-release-linux-x86_64, r-release-macos-arm64, r-release-macos-x86_64, r-release-windows-x86_64, r-oldrel-macos-arm64, r-oldrel-windows-x86_64