Last updated on 2024-07-27 08:49:23 CEST.
Flavor | Version | Tinstall | Tcheck | Ttotal | Status | Flags |
---|---|---|---|---|---|---|
r-devel-linux-x86_64-debian-clang | 0.2-10 | 18.37 | 228.13 | 246.50 | OK | |
r-devel-linux-x86_64-debian-gcc | 0.2-10 | NOTE | ||||
r-devel-linux-x86_64-fedora-clang | 0.2-10 | 310.36 | OK | |||
r-devel-linux-x86_64-fedora-gcc | 0.2-10 | 297.29 | OK | |||
r-devel-windows-x86_64 | 0.2-10 | 18.00 | 197.00 | 215.00 | NOTE | |
r-patched-linux-x86_64 | 0.2-10 | OK | ||||
r-release-linux-x86_64 | 0.2-10 | 12.56 | 210.07 | 222.63 | OK | |
r-release-macos-arm64 | 0.2-10 | 91.00 | OK | |||
r-release-macos-x86_64 | 0.2-10 | 132.00 | OK | |||
r-release-windows-x86_64 | 0.2-10 | 16.00 | 200.00 | 216.00 | OK | |
r-oldrel-macos-arm64 | 0.2-10 | 65.00 | OK | |||
r-oldrel-macos-x86_64 | 0.2-10 | 113.00 | OK | |||
r-oldrel-windows-x86_64 | 0.2-10 | 24.00 | 241.00 | 265.00 | OK |
Version: 0.2-10
Check: Rd cross-references
Result: NOTE
Found the following Rd file(s) with Rd \link{} targets missing package
anchors:
gw.zi.Rd: zeroinfl
gw.zi.bw.Rd: zeroinfl
gw.zi.cv.Rd: zeroinfl
gw.zi.light.Rd: zeroinfl
gw.zi.mc.test.Rd: zeroinfl
Please provide package anchors for all Rd \link{} targets not in the
package itself and the base packages.
Flavors: r-devel-linux-x86_64-debian-gcc, r-devel-windows-x86_64