CRAN Package Check Results for Package leanpubr

Last updated on 2024-05-24 08:55:36 CEST.

Flavor Version Tinstall Tcheck Ttotal Status Flags
r-devel-linux-x86_64-debian-clang 0.3.1 3.35 37.79 41.14 NOTE
r-devel-linux-x86_64-debian-gcc 0.3.1 2.64 29.51 32.15 NOTE
r-devel-linux-x86_64-fedora-clang 0.3.1 53.70 NOTE
r-devel-linux-x86_64-fedora-gcc 0.3.1 63.45 NOTE
r-devel-windows-x86_64 0.3.1 4.00 61.00 65.00 NOTE
r-patched-linux-x86_64 0.3.1 7.45 36.99 44.44 NOTE
r-release-linux-x86_64 0.3.1 3.13 36.01 39.14 NOTE
r-release-macos-arm64 0.3.1 27.00 NOTE
r-release-windows-x86_64 0.3.1 4.00 59.00 63.00 NOTE
r-oldrel-macos-arm64 0.3.1 29.00 NOTE
r-oldrel-macos-x86_64 0.3.1 38.00 NOTE
r-oldrel-windows-x86_64 0.3.1 5.00 60.00 65.00 NOTE

Check Details

Version: 0.3.1
Check: LazyData
Result: NOTE 'LazyData' is specified without a 'data' directory Flavors: r-devel-linux-x86_64-debian-clang, r-devel-linux-x86_64-debian-gcc, r-devel-linux-x86_64-fedora-clang, r-devel-linux-x86_64-fedora-gcc, r-devel-windows-x86_64, r-patched-linux-x86_64, r-release-linux-x86_64, r-release-macos-arm64, r-release-windows-x86_64, r-oldrel-macos-arm64, r-oldrel-macos-x86_64, r-oldrel-windows-x86_64