CRAN Package Check Results for Package leaps

Last updated on 2021-06-17 09:51:49 CEST.

Flavor Version Tinstall Tcheck Ttotal Status Flags
r-devel-linux-x86_64-debian-clang 3.1 4.32 25.15 29.47 OK
r-devel-linux-x86_64-debian-gcc 3.1 3.16 19.91 23.07 OK
r-devel-linux-x86_64-fedora-clang 3.1 45.37 NOTE
r-devel-linux-x86_64-fedora-gcc 3.1 34.75 NOTE
r-devel-windows-x86_64 3.1 8.00 32.00 40.00 OK
r-devel-windows-x86_64-gcc10-UCRT 3.1 OK
r-patched-linux-x86_64 3.1 3.90 24.70 28.60 OK
r-patched-solaris-x86 3.1 52.40 OK
r-release-linux-x86_64 3.1 3.86 24.82 28.68 OK
r-release-macos-arm64 3.1 OK
r-release-macos-x86_64 3.1 OK
r-release-windows-ix86+x86_64 3.1 11.00 37.00 48.00 OK
r-oldrel-macos-x86_64 3.1 OK
r-oldrel-windows-ix86+x86_64 3.1 10.00 48.00 58.00 OK

Check Details

Version: 3.1
Check: compiled code
Result: NOTE
    File ‘leaps/libs/leaps.so’:
     Found no calls to: ‘R_registerRoutines’, ‘R_useDynamicSymbols’
    
    It is good practice to register native routines and to disable symbol
    search.
    
    See ‘Writing portable packages’ in the ‘Writing R Extensions’ manual.
Flavors: r-devel-linux-x86_64-fedora-clang, r-devel-linux-x86_64-fedora-gcc