Last updated on 2024-04-20 08:50:58 CEST.
Flavor | Version | Tinstall | Tcheck | Ttotal | Status | Flags |
---|---|---|---|---|---|---|
r-devel-linux-x86_64-debian-clang | 0.1.2 | 72.61 | 145.27 | 217.88 | OK | |
r-devel-linux-x86_64-debian-gcc | 0.1.2 | 50.66 | 103.09 | 153.75 | OK | |
r-devel-linux-x86_64-fedora-clang | 0.1.2 | 270.29 | OK | |||
r-devel-linux-x86_64-fedora-gcc | 0.1.2 | 275.33 | OK | |||
r-prerel-macos-arm64 | 0.1.2 | 67.00 | OK | |||
r-prerel-windows-x86_64 | 0.1.2 | 51.00 | 128.00 | 179.00 | NOTE | |
r-patched-linux-x86_64 | 0.1.2 | 44.83 | 131.90 | 176.73 | OK | |
r-release-linux-x86_64 | 0.1.2 | 47.05 | 131.16 | 178.21 | OK | |
r-release-macos-arm64 | 0.1.2 | 74.00 | OK | |||
r-release-macos-x86_64 | 0.1.2 | 118.00 | OK | |||
r-release-windows-x86_64 | 0.1.2 | 61.00 | 159.00 | 220.00 | NOTE | |
r-oldrel-macos-arm64 | 0.1.2 | 52.00 | OK | |||
r-oldrel-windows-x86_64 | 0.1.2 | 61.00 | 155.00 | 216.00 | NOTE |
Version: 0.1.2
Check: package dependencies
Result: NOTE
Package suggested but not available for checking: 'doMC'
Flavors: r-prerel-windows-x86_64, r-release-windows-x86_64, r-oldrel-windows-x86_64