Last updated on 2024-04-19 08:54:44 CEST.
Flavor | Version | Tinstall | Tcheck | Ttotal | Status | Flags |
---|---|---|---|---|---|---|
r-devel-linux-x86_64-debian-clang | 0.4.3.1 | 12.19 | 151.46 | 163.65 | OK | |
r-devel-linux-x86_64-debian-gcc | 0.4.3.1 | OK | ||||
r-devel-linux-x86_64-fedora-clang | 0.4.3.1 | 222.44 | NOTE | |||
r-devel-linux-x86_64-fedora-gcc | 0.4.3.1 | 223.46 | OK | |||
r-prerel-macos-arm64 | 0.4.3.1 | 64.00 | NOTE | |||
r-prerel-windows-x86_64 | 0.4.3.1 | 85.00 | 625.00 | 710.00 | NOTE | |
r-patched-linux-x86_64 | 0.4.3.1 | 9.81 | 144.25 | 154.06 | OK | |
r-release-linux-x86_64 | 0.4.3.1 | 10.58 | 141.04 | 151.62 | OK | |
r-release-macos-arm64 | 0.4.3.1 | 66.00 | NOTE | |||
r-release-macos-x86_64 | 0.4.3.1 | 214.00 | NOTE | |||
r-release-windows-x86_64 | 0.4.3.1 | 63.00 | 395.00 | 458.00 | NOTE | |
r-oldrel-macos-arm64 | 0.4.3.1 | 69.00 | NOTE | |||
r-oldrel-windows-x86_64 | 0.4.3.1 | 67.00 | 489.00 | 556.00 | NOTE |
Version: 0.4.3.1
Check: installed package size
Result: NOTE
installed size is 5.5Mb
sub-directories of 1Mb or more:
doc 5.3Mb
Flavors: r-devel-linux-x86_64-fedora-clang, r-prerel-macos-arm64, r-prerel-windows-x86_64, r-release-macos-arm64, r-release-macos-x86_64, r-release-windows-x86_64, r-oldrel-macos-arm64, r-oldrel-windows-x86_64