Last updated on 2024-03-12 07:49:57 CET.
Flavor | Version | Tinstall | Tcheck | Ttotal | Status | Flags |
---|---|---|---|---|---|---|
r-devel-linux-x86_64-debian-clang | 4.3.0 | 38.50 | 306.45 | 344.95 | OK | |
r-devel-linux-x86_64-debian-gcc | 4.3.0 | 32.39 | 224.18 | 256.57 | OK | |
r-devel-linux-x86_64-fedora-clang | 4.3.0 | 428.14 | NOTE | |||
r-devel-linux-x86_64-fedora-gcc | 4.3.0 | 433.19 | OK | |||
r-devel-windows-x86_64 | 4.3.0 | 37.00 | 258.00 | 295.00 | NOTE | |
r-patched-linux-x86_64 | 4.3.0 | 52.68 | 302.57 | 355.25 | OK | |
r-release-linux-x86_64 | 4.3.0 | 33.75 | 299.54 | 333.29 | OK | |
r-release-macos-arm64 | 4.3.0 | 114.00 | NOTE | |||
r-release-macos-x86_64 | 4.3.0 | 282.00 | NOTE | |||
r-release-windows-x86_64 | 4.3.0 | 47.00 | 299.00 | 346.00 | NOTE | |
r-oldrel-macos-arm64 | 4.3.0 | 129.00 | NOTE | |||
r-oldrel-windows-x86_64 | 4.3.0 | 46.00 | 308.00 | 354.00 | NOTE |
Version: 4.3.0
Check: installed package size
Result: NOTE
installed size is 8.6Mb
sub-directories of 1Mb or more:
R 1.3Mb
doc 6.0Mb
Flavors: r-devel-linux-x86_64-fedora-clang, r-devel-windows-x86_64, r-release-macos-arm64, r-release-macos-x86_64, r-release-windows-x86_64, r-oldrel-macos-arm64, r-oldrel-windows-x86_64