Last updated on 2024-08-31 08:48:15 CEST.
Flavor | Version | Tinstall | Tcheck | Ttotal | Status | Flags |
---|---|---|---|---|---|---|
r-devel-linux-x86_64-debian-clang | 5.0 | 27.56 | 323.32 | 350.88 | NOTE | |
r-devel-linux-x86_64-debian-gcc | 5.0 | 17.93 | 212.15 | 230.08 | NOTE | |
r-devel-linux-x86_64-fedora-clang | 5.0 | 584.74 | OK | |||
r-devel-linux-x86_64-fedora-gcc | 5.0 | 561.84 | OK | |||
r-devel-windows-x86_64 | 5.0 | 25.00 | 277.00 | 302.00 | NOTE | |
r-patched-linux-x86_64 | 5.0 | 26.96 | 316.98 | 343.94 | OK | |
r-release-linux-x86_64 | 5.0 | 24.35 | 309.55 | 333.90 | OK | |
r-release-macos-arm64 | 5.0 | 134.00 | OK | |||
r-release-macos-x86_64 | 5.0 | 232.00 | OK | |||
r-release-windows-x86_64 | 5.0 | 29.00 | 302.00 | 331.00 | OK | |
r-oldrel-macos-arm64 | 5.0 | 147.00 | OK | |||
r-oldrel-macos-x86_64 | 5.0 | 549.00 | NOTE | |||
r-oldrel-windows-x86_64 | 5.0 | 34.00 | 370.00 | 404.00 | OK |
Version: 5.0
Check: Rd cross-references
Result: NOTE
Found the following Rd file(s) with Rd \link{} targets missing package
anchors:
lets.presab.Rd: terra, sf
lets.presab.grid.Rd: terra, sf
lets.shFilter.Rd: terra, sf
Please provide package anchors for all Rd \link{} targets not in the
package itself and the base packages.
Flavors: r-devel-linux-x86_64-debian-clang, r-devel-linux-x86_64-debian-gcc, r-devel-windows-x86_64
Version: 5.0
Check: installed package size
Result: NOTE
installed size is 5.3Mb
sub-directories of 1Mb or more:
data 2.2Mb
doc 1.5Mb
extdata 1.1Mb
Flavor: r-oldrel-macos-x86_64