CRAN Package Check Results for Package lfe

Last updated on 2021-06-25 09:52:50 CEST.

Flavor Version Tinstall Tcheck Ttotal Status Flags
r-devel-linux-x86_64-debian-clang 2.8-6 20.94 233.33 254.27 OK
r-devel-linux-x86_64-debian-gcc 2.8-6 14.69 182.04 196.73 OK
r-devel-linux-x86_64-fedora-clang 2.8-6 310.57 OK
r-devel-linux-x86_64-fedora-gcc 2.8-6 304.98 OK
r-devel-windows-x86_64 2.8-6 35.00 224.00 259.00 OK
r-devel-windows-x86_64-gcc10-UCRT 2.8-6 OK
r-patched-linux-x86_64 2.8-6 17.51 227.50 245.01 OK
r-patched-solaris-x86 2.8-6 329.80 NOTE --no-vignettes
r-release-linux-x86_64 2.8-6 16.45 226.51 242.96 OK
r-release-macos-arm64 2.8-6 OK
r-release-macos-x86_64 2.8-6 OK
r-release-windows-ix86+x86_64 2.8-6 51.00 287.00 338.00 OK
r-oldrel-macos-x86_64 2.8-6 OK
r-oldrel-windows-ix86+x86_64 2.8-6 52.00 338.00 390.00 OK

Check Details

Version: 2.8-6
Flags: --no-vignettes
Check: compilation flags used
Result: NOTE
    Compilation used the following non-portable flag(s):
     ‘-mt’
Flavor: r-patched-solaris-x86