Last updated on 2024-04-24 07:57:43 CEST.
Flavor | Version | Tinstall | Tcheck | Ttotal | Status | Flags |
---|---|---|---|---|---|---|
r-devel-linux-x86_64-debian-clang | 1.1 | 43.52 | 177.13 | 220.65 | OK | |
r-devel-linux-x86_64-debian-gcc | 1.1 | 39.07 | 146.36 | 185.43 | OK | |
r-devel-linux-x86_64-fedora-clang | 1.1 | 283.37 | NOTE | |||
r-devel-linux-x86_64-fedora-gcc | 1.1 | 323.15 | NOTE | |||
r-prerel-macos-arm64 | 1.1 | 99.00 | NOTE | |||
r-prerel-windows-x86_64 | 1.1 | 43.00 | 176.00 | 219.00 | OK | |
r-patched-linux-x86_64 | 1.1 | 52.12 | 200.21 | 252.33 | OK | |
r-release-linux-x86_64 | 1.1 | 33.90 | 193.56 | 227.46 | OK | |
r-release-macos-arm64 | 1.1 | 110.00 | NOTE | |||
r-release-macos-x86_64 | 1.1 | 156.00 | NOTE | |||
r-release-windows-x86_64 | 1.1 | 47.00 | 224.00 | 271.00 | OK | |
r-oldrel-macos-arm64 | 1.1 | 85.00 | NOTE | |||
r-oldrel-windows-x86_64 | 1.1 | 44.00 | 217.00 | 261.00 | OK |
Version: 1.1
Check: dependencies in R code
Result: NOTE
Namespaces in Imports field not imported from:
‘ggplot2’ ‘knitr’ ‘purrr’ ‘rmarkdown’
All declared Imports should be used.
Flavors: r-devel-linux-x86_64-fedora-clang, r-devel-linux-x86_64-fedora-gcc, r-oldrel-macos-arm64
Version: 1.1
Check: installed package size
Result: NOTE
installed size is 11.4Mb
sub-directories of 1Mb or more:
data 1.8Mb
libs 9.1Mb
Flavors: r-prerel-macos-arm64, r-release-macos-arm64, r-release-macos-x86_64, r-oldrel-macos-arm64