Last updated on 2024-04-20 08:50:58 CEST.
Flavor | Version | Tinstall | Tcheck | Ttotal | Status | Flags |
---|---|---|---|---|---|---|
r-devel-linux-x86_64-debian-clang | 0.0.8 | 17.34 | 53.54 | 70.88 | OK | |
r-devel-linux-x86_64-debian-gcc | 0.0.8 | 11.52 | 41.00 | 52.52 | OK | |
r-devel-linux-x86_64-fedora-clang | 0.0.8 | 88.85 | OK | |||
r-devel-linux-x86_64-fedora-gcc | 0.0.8 | 84.62 | OK | |||
r-prerel-macos-arm64 | 0.0.8 | 31.00 | OK | |||
r-prerel-windows-x86_64 | 0.0.8 | 13.00 | 73.00 | 86.00 | NOTE | |
r-patched-linux-x86_64 | 0.0.8 | 18.16 | 52.15 | 70.31 | OK | |
r-release-linux-x86_64 | 0.0.8 | 16.81 | 51.11 | 67.92 | OK | |
r-release-macos-arm64 | 0.0.8 | 31.00 | OK | |||
r-release-macos-x86_64 | 0.0.8 | 50.00 | OK | |||
r-release-windows-x86_64 | 0.0.8 | 16.00 | 80.00 | 96.00 | NOTE | |
r-oldrel-macos-arm64 | 0.0.8 | 33.00 | OK | |||
r-oldrel-windows-x86_64 | 0.0.8 | 18.00 | 87.00 | 105.00 | NOTE |
Version: 0.0.8
Check: package dependencies
Result: NOTE
Package suggested but not available for checking: 'rsyslog'
Flavors: r-prerel-windows-x86_64, r-release-windows-x86_64, r-oldrel-windows-x86_64