CRAN Package Check Results for Package lhs

Last updated on 2021-06-13 08:49:23 CEST.

Flavor Version Tinstall Tcheck Ttotal Status Flags
r-devel-linux-x86_64-debian-clang 1.1.1 202.48 65.05 267.53 NOTE
r-devel-linux-x86_64-debian-gcc 1.1.1 112.01 52.02 164.03 NOTE
r-devel-linux-x86_64-fedora-clang 1.1.1 402.23 NOTE
r-devel-linux-x86_64-fedora-gcc 1.1.1 308.45 NOTE
r-devel-windows-x86_64 1.1.1 222.00 103.00 325.00 NOTE
r-devel-windows-x86_64-gcc10-UCRT 1.1.1 NOTE
r-patched-linux-x86_64 1.1.1 133.33 61.50 194.83 NOTE
r-patched-solaris-x86 1.1.1 297.50 NOTE
r-release-linux-x86_64 1.1.1 138.86 61.71 200.57 NOTE
r-release-macos-arm64 1.1.1 NOTE
r-release-macos-x86_64 1.1.1 NOTE
r-release-windows-ix86+x86_64 1.1.1 342.00 128.00 470.00 NOTE
r-oldrel-macos-x86_64 1.1.1 OK
r-oldrel-windows-ix86+x86_64 1.1.1 341.00 134.00 475.00 OK

Check Details

Version: 1.1.1
Check: LazyData
Result: NOTE
     'LazyData' is specified without a 'data' directory
Flavors: r-devel-linux-x86_64-debian-clang, r-devel-linux-x86_64-debian-gcc, r-devel-linux-x86_64-fedora-clang, r-devel-linux-x86_64-fedora-gcc, r-devel-windows-x86_64, r-devel-windows-x86_64-gcc10-UCRT, r-patched-linux-x86_64, r-patched-solaris-x86, r-release-linux-x86_64, r-release-macos-arm64, r-release-macos-x86_64, r-release-windows-ix86+x86_64