Last updated on 2024-04-19 08:54:44 CEST.
Flavor | Version | Tinstall | Tcheck | Ttotal | Status | Flags |
---|---|---|---|---|---|---|
r-devel-linux-x86_64-debian-clang | 4.3.0 | 527.29 | 143.19 | 670.48 | OK | |
r-devel-linux-x86_64-debian-gcc | 4.3.0 | OK | ||||
r-devel-linux-x86_64-fedora-clang | 4.3.0 | 1275.59 | NOTE | |||
r-devel-linux-x86_64-fedora-gcc | 4.3.0 | 1194.70 | OK | |||
r-prerel-macos-arm64 | 4.3.0 | 238.00 | NOTE | |||
r-prerel-windows-x86_64 | 4.3.0 | 465.00 | 175.00 | 640.00 | NOTE | |
r-patched-linux-x86_64 | 4.3.0 | 596.11 | 195.41 | 791.52 | OK | |
r-release-linux-x86_64 | 4.3.0 | 602.12 | 201.03 | 803.15 | OK | |
r-release-macos-arm64 | 4.3.0 | 302.00 | NOTE | |||
r-release-macos-x86_64 | 4.3.0 | 368.00 | NOTE | |||
r-release-windows-x86_64 | 4.3.0 | 564.00 | 219.00 | 783.00 | NOTE | |
r-oldrel-macos-arm64 | 4.3.0 | 285.00 | NOTE | |||
r-oldrel-windows-x86_64 | 4.3.0 | 503.00 | 201.00 | 704.00 | NOTE |
Version: 4.3.0
Check: installed package size
Result: NOTE
installed size is 8.0Mb
sub-directories of 1Mb or more:
libs 7.3Mb
Flavors: r-devel-linux-x86_64-fedora-clang, r-prerel-macos-arm64, r-prerel-windows-x86_64, r-release-macos-arm64, r-release-macos-x86_64, r-release-windows-x86_64, r-oldrel-macos-arm64, r-oldrel-windows-x86_64