Last updated on 2024-03-12 07:49:57 CET.
Flavor | Version | Tinstall | Tcheck | Ttotal | Status | Flags |
---|---|---|---|---|---|---|
r-devel-linux-x86_64-debian-clang | 1.7.0 | 6.33 | 73.67 | 80.00 | OK | |
r-devel-linux-x86_64-debian-gcc | 1.7.0 | 4.50 | 59.00 | 63.50 | OK | |
r-devel-linux-x86_64-fedora-clang | 1.7.0 | 100.71 | NOTE | |||
r-devel-linux-x86_64-fedora-gcc | 1.7.0 | 111.03 | OK | |||
r-devel-windows-x86_64 | 1.7.0 | 6.00 | 87.00 | 93.00 | OK | |
r-patched-linux-x86_64 | 1.7.0 | 6.20 | 73.12 | 79.32 | OK | |
r-release-linux-x86_64 | 1.7.0 | 5.71 | 72.69 | 78.40 | OK | |
r-release-macos-arm64 | 1.7.0 | 50.00 | OK | |||
r-release-macos-x86_64 | 1.7.0 | 77.00 | OK | |||
r-release-windows-x86_64 | 1.7.0 | 7.00 | 98.00 | 105.00 | OK | |
r-oldrel-macos-arm64 | 1.7.0 | 44.00 | OK | |||
r-oldrel-windows-x86_64 | 1.7.0 | 7.00 | 98.00 | 105.00 | OK |
Version: 1.7.0
Check: Rd cross-references
Result: NOTE
Undeclared package ‘future’ in Rd xrefs
Flavor: r-devel-linux-x86_64-fedora-clang