CRAN Package Check Results for Package lingtypology

Last updated on 2021-04-22 08:48:22 CEST.

Flavor Version Tinstall Tcheck Ttotal Status Flags
r-devel-linux-x86_64-debian-clang 1.1.4 6.99 76.91 83.90 OK
r-devel-linux-x86_64-debian-gcc 1.1.4 4.88 59.04 63.92 OK
r-devel-linux-x86_64-fedora-clang 1.1.4 111.35 NOTE
r-devel-linux-x86_64-fedora-gcc 1.1.4 102.88 NOTE
r-devel-windows-ix86+x86_64 1.1.4 13.00 117.00 130.00 OK
r-devel-windows-x86_64-gcc10-UCRT 1.1.4 NOTE
r-patched-linux-x86_64 1.1.4 10.66 73.46 84.12 WARN
r-patched-solaris-x86 1.1.4 145.70 NOTE
r-release-linux-x86_64 1.1.4 6.96 73.72 80.68 OK
r-release-macos-x86_64 1.1.4 NOTE
r-release-windows-ix86+x86_64 1.1.4 12.00 108.00 120.00 OK
r-oldrel-macos-x86_64 1.1.4 NOTE
r-oldrel-windows-ix86+x86_64 1.1.4 10.00 80.00 90.00 OK

Check Details

Version: 1.1.4
Check: Rd cross-references
Result: NOTE
    Undeclared package ‘magrittr’ in Rd xrefs
Flavor: r-devel-linux-x86_64-fedora-clang

Version: 1.1.4
Check: data for non-ASCII characters
Result: NOTE
     Note: found 1544 marked UTF-8 strings
Flavors: r-devel-linux-x86_64-fedora-clang, r-devel-linux-x86_64-fedora-gcc, r-devel-windows-x86_64-gcc10-UCRT, r-patched-solaris-x86, r-release-macos-x86_64, r-oldrel-macos-x86_64

Version: 1.1.4
Check: whether package can be installed
Result: WARN
    Found the following significant warnings:
     Rd warning: /tmp/Rtmp1g7yrB/R.INSTALL1d85f39c775/lingtypology/man/imports.Rd:8: file link ‘%>%’ in package ‘magrittr’ does not exist and so has been treated as a topic
Flavor: r-patched-linux-x86_64