CRAN Package Check Results for Package listarrays

Last updated on 2024-04-22 08:51:29 CEST.

Flavor Version Tinstall Tcheck Ttotal Status Flags
r-devel-linux-x86_64-debian-clang 0.3.1 2.80 35.96 38.76 NOTE
r-devel-linux-x86_64-debian-gcc 0.4.0 2.12 27.48 29.60 OK
r-devel-linux-x86_64-fedora-clang 0.4.0 31.14 NOTE
r-devel-linux-x86_64-fedora-gcc 0.4.0 29.22 OK
r-prerel-macos-arm64 0.4.0 20.00 OK
r-prerel-macos-x86_64 0.4.0 46.00 OK
r-prerel-windows-x86_64 0.3.1 4.00 49.00 53.00 NOTE
r-patched-linux-x86_64 0.3.1 2.39 33.60 35.99 NOTE
r-release-linux-x86_64 0.4.0 2.59 34.54 37.13 OK
r-release-macos-arm64 0.4.0 26.00 OK
r-release-macos-x86_64 0.4.0 45.00 OK
r-release-windows-x86_64 0.4.0 5.00 52.00 57.00 OK
r-oldrel-macos-arm64 0.4.0 24.00 OK
r-oldrel-windows-x86_64 0.4.0 5.00 56.00 61.00 OK

Check Details

Version: 0.3.1
Check: LazyData
Result: NOTE 'LazyData' is specified without a 'data' directory Flavors: r-devel-linux-x86_64-debian-clang, r-prerel-windows-x86_64, r-patched-linux-x86_64

Version: 0.4.0
Check: Rd cross-references
Result: NOTE Undeclared package ‘keras’ in Rd xrefs Flavor: r-devel-linux-x86_64-fedora-clang