CRAN Package Check Results for Package lmtest

Last updated on 2021-06-22 08:49:55 CEST.

Flavor Version Tinstall Tcheck Ttotal Status Flags
r-devel-linux-x86_64-debian-clang 0.9-38 5.84 52.32 58.16 OK
r-devel-linux-x86_64-debian-gcc 0.9-38 4.47 40.44 44.91 OK
r-devel-linux-x86_64-fedora-clang 0.9-38 78.12 OK
r-devel-linux-x86_64-fedora-gcc 0.9-38 68.48 OK
r-devel-windows-x86_64 0.9-38 10.00 60.00 70.00 OK
r-devel-windows-x86_64-gcc10-UCRT 0.9-38 NOTE
r-patched-linux-x86_64 0.9-38 5.64 50.70 56.34 OK
r-patched-solaris-x86 0.9-38 95.30 OK
r-release-linux-x86_64 0.9-38 5.43 50.80 56.23 OK
r-release-macos-arm64 0.9-38 OK
r-release-macos-x86_64 0.9-38 OK
r-release-windows-ix86+x86_64 0.9-38 13.00 94.00 107.00 OK
r-oldrel-macos-x86_64 0.9-38 OK

Check Details

Version: 0.9-38
Check: package dependencies
Result: NOTE
    Packages suggested but not available for checking: 'car', 'dynlm', 'AER'
Flavor: r-devel-windows-x86_64-gcc10-UCRT

Version: 0.9-38
Check: Rd cross-references
Result: NOTE
    Package unavailable to check Rd xrefs: 'car'
Flavor: r-devel-windows-x86_64-gcc10-UCRT