Last updated on 2024-04-20 08:50:58 CEST.
Flavor | Version | Tinstall | Tcheck | Ttotal | Status | Flags |
---|---|---|---|---|---|---|
r-devel-linux-x86_64-debian-clang | 1.1.2 | 13.06 | 38.96 | 52.02 | NOTE | |
r-devel-linux-x86_64-debian-gcc | 1.1.2 | 8.85 | 29.14 | 37.99 | NOTE | |
r-devel-linux-x86_64-fedora-clang | 1.1.2 | 70.22 | NOTE | |||
r-devel-linux-x86_64-fedora-gcc | 1.1.2 | 64.59 | NOTE | |||
r-prerel-macos-arm64 | 1.1.2 | 22.00 | NOTE | |||
r-prerel-windows-x86_64 | 1.1.2 | 15.00 | 63.00 | 78.00 | NOTE | |
r-patched-linux-x86_64 | 1.1.2 | 12.16 | 37.06 | 49.22 | NOTE | |
r-release-linux-x86_64 | 1.1.2 | 11.90 | 37.68 | 49.58 | NOTE | |
r-release-macos-arm64 | 1.1.2 | 23.00 | NOTE | |||
r-release-macos-x86_64 | 1.1.2 | 35.00 | NOTE | |||
r-release-windows-x86_64 | 1.1.2 | 16.00 | 73.00 | 89.00 | NOTE | |
r-oldrel-macos-arm64 | 1.1.2 | 26.00 | OK | |||
r-oldrel-windows-x86_64 | 1.1.2 | 15.00 | 81.00 | 96.00 | OK |
Version: 1.1.2
Check: C++ specification
Result: NOTE
Specified C++11: please drop specification unless essential
Flavors: r-devel-linux-x86_64-debian-clang, r-devel-linux-x86_64-debian-gcc, r-devel-linux-x86_64-fedora-clang, r-devel-linux-x86_64-fedora-gcc, r-prerel-macos-arm64, r-prerel-windows-x86_64, r-patched-linux-x86_64, r-release-linux-x86_64, r-release-macos-arm64, r-release-macos-x86_64, r-release-windows-x86_64