Last updated on 2024-04-19 08:54:45 CEST.
Flavor | Version | Tinstall | Tcheck | Ttotal | Status | Flags |
---|---|---|---|---|---|---|
r-devel-linux-x86_64-debian-clang | 1.0.11 | 94.60 | 169.29 | 263.89 | OK | |
r-devel-linux-x86_64-debian-gcc | 1.0.11 | OK | ||||
r-devel-linux-x86_64-fedora-clang | 1.0.11 | 325.79 | OK | |||
r-devel-linux-x86_64-fedora-gcc | 1.0.11 | 373.67 | OK | |||
r-prerel-macos-arm64 | 1.0.11 | 84.00 | NOTE | |||
r-prerel-windows-x86_64 | 1.0.11 | 72.00 | 156.00 | 228.00 | OK | |
r-patched-linux-x86_64 | 1.0.11 | 97.01 | 162.16 | 259.17 | OK | |
r-release-linux-x86_64 | 1.0.11 | 99.32 | 173.44 | 272.76 | OK | |
r-release-macos-arm64 | 1.0.11 | 112.00 | NOTE | |||
r-release-macos-x86_64 | 1.0.11 | 296.00 | NOTE | |||
r-release-windows-x86_64 | 1.0.11 | 70.00 | 190.00 | 260.00 | OK | |
r-oldrel-macos-arm64 | 1.0.11 | 103.00 | NOTE | |||
r-oldrel-windows-x86_64 | 1.0.11 | 87.00 | 187.00 | 274.00 | OK |
Version: 1.0.11
Check: installed package size
Result: NOTE
installed size is 33.7Mb
sub-directories of 1Mb or more:
doc 1.7Mb
libs 31.7Mb
Flavors: r-prerel-macos-arm64, r-release-macos-arm64, r-release-macos-x86_64, r-oldrel-macos-arm64