Last updated on 2024-08-31 08:48:15 CEST.
Flavor | Version | Tinstall | Tcheck | Ttotal | Status | Flags |
---|---|---|---|---|---|---|
r-devel-linux-x86_64-debian-clang | 1.0.11 | 66.68 | 127.27 | 193.95 | OK | |
r-devel-linux-x86_64-debian-gcc | 1.0.11 | 53.27 | 87.41 | 140.68 | OK | |
r-devel-linux-x86_64-fedora-clang | 1.0.11 | 313.37 | OK | |||
r-devel-linux-x86_64-fedora-gcc | 1.0.11 | 360.15 | OK | |||
r-devel-windows-x86_64 | 1.0.11 | 55.00 | 153.00 | 208.00 | OK | |
r-patched-linux-x86_64 | 1.0.11 | 75.75 | 124.35 | 200.10 | OK | |
r-release-linux-x86_64 | 1.0.11 | 75.46 | 123.20 | 198.66 | OK | |
r-release-macos-arm64 | 1.0.11 | 84.00 | NOTE | |||
r-release-macos-x86_64 | 1.0.11 | 127.00 | NOTE | |||
r-release-windows-x86_64 | 1.0.11 | 60.00 | 169.00 | 229.00 | OK | |
r-oldrel-macos-arm64 | 1.0.11 | 112.00 | NOTE | |||
r-oldrel-macos-x86_64 | 1.0.11 | 296.00 | NOTE | |||
r-oldrel-windows-x86_64 | 1.0.11 | 56.00 | 191.00 | 247.00 | OK |
Version: 1.0.11
Check: installed package size
Result: NOTE
installed size is 33.7Mb
sub-directories of 1Mb or more:
doc 1.7Mb
libs 31.7Mb
Flavors: r-release-macos-arm64, r-release-macos-x86_64, r-oldrel-macos-arm64, r-oldrel-macos-x86_64