CRAN Package Check Results for Package locuszoomr

Last updated on 2024-04-16 08:58:02 CEST.

Flavor Version Tinstall Tcheck Ttotal Status Flags
r-devel-linux-x86_64-debian-clang 0.2.1 60.70 574.89 635.59 OK
r-devel-linux-x86_64-debian-gcc 0.2.1 48.79 439.37 488.16 OK
r-devel-linux-x86_64-fedora-clang 0.2.1 724.46 NOTE
r-devel-linux-x86_64-fedora-gcc 0.2.1 737.85 NOTE
r-prerel-macos-arm64 0.2.1 192.00 NOTE
r-prerel-macos-x86_64 0.2.1 523.00 NOTE
r-prerel-windows-x86_64 0.2.1 50.00 394.00 444.00 OK
r-patched-linux-x86_64 0.2.1 39.99 514.13 554.12 ERROR
r-release-linux-x86_64 0.2.1 47.42 577.44 624.86 OK
r-release-macos-arm64 0.2.1 182.00 NOTE
r-release-macos-x86_64 0.2.1 398.00 NOTE
r-release-windows-x86_64 0.2.1 68.00 454.00 522.00 NOTE
r-oldrel-macos-arm64 0.2.1 198.00 NOTE
r-oldrel-windows-x86_64 0.2.1 63.00 443.00 506.00 NOTE

Check Details

Version: 0.2.1
Check: package dependencies
Result: NOTE Package suggested but not available for checking: ‘EnsDb.Hsapiens.v75’ Flavors: r-devel-linux-x86_64-fedora-clang, r-devel-linux-x86_64-fedora-gcc, r-prerel-macos-arm64, r-prerel-macos-x86_64, r-release-macos-arm64, r-release-macos-x86_64, r-release-windows-x86_64, r-oldrel-macos-arm64, r-oldrel-windows-x86_64

Version: 0.2.1
Check: re-building of vignette outputs
Result: NOTE Note: skipping ‘locuszoomr.Rmd’ due to unavailable dependencies: 'EnsDb.Hsapiens.v75' Flavors: r-devel-linux-x86_64-fedora-clang, r-devel-linux-x86_64-fedora-gcc, r-prerel-macos-arm64, r-prerel-macos-x86_64, r-release-macos-arm64, r-release-macos-x86_64, r-release-windows-x86_64

Version: 0.2.1
Check: re-building of vignette outputs
Result: ERROR Error(s) in re-building vignettes: ... --- re-building ‘locuszoomr.Rmd’ using rmarkdown ** Processing: /home/hornik/tmp/R.check/r-patched-gcc/Work/PKGS/locuszoomr.Rcheck/vign_test/locuszoomr/vignettes/locuszoomr_files/figure-html/unnamed-chunk-6-1.png 1536x1344 pixels, 3x8 bits/pixel, RGB Input IDAT size = 193921 bytes Input file size = 194275 bytes Trying: zc = 9 zm = 8 zs = 0 f = 0 IDAT size = 151815 zc = 9 zm = 8 zs = 1 f = 0 zc = 1 zm = 8 zs = 2 f = 0 zc = 9 zm = 8 zs = 3 f = 0 zc = 9 zm = 8 zs = 0 f = 5 zc = 9 zm = 8 zs = 1 f = 5 zc = 1 zm = 8 zs = 2 f = 5 zc = 9 zm = 8 zs = 3 f = 5 Selecting parameters: zc = 9 zm = 8 zs = 0 f = 0 IDAT size = 151815 Output IDAT size = 151815 bytes (42106 bytes decrease) Output file size = 151893 bytes (42382 bytes = 21.82% decrease) ** Processing: /home/hornik/tmp/R.check/r-patched-gcc/Work/PKGS/locuszoomr.Rcheck/vign_test/locuszoomr/vignettes/locuszoomr_files/figure-html/unnamed-chunk-11-1.png 1536x1344 pixels, 3x8 bits/pixel, RGB Input IDAT size = 213348 bytes Input file size = 213738 bytes Trying: zc = 9 zm = 8 zs = 0 f = 0 IDAT size = 166476 zc = 9 zm = 8 zs = 1 f = 0 zc = 1 zm = 8 zs = 2 f = 0 zc = 9 zm = 8 zs = 3 f = 0 zc = 9 zm = 8 zs = 0 f = 5 zc = 9 zm = 8 zs = 1 f = 5 zc = 1 zm = 8 zs = 2 f = 5 zc = 9 zm = 8 zs = 3 f = 5 Selecting parameters: zc = 9 zm = 8 zs = 0 f = 0 IDAT size = 166476 Output IDAT size = 166476 bytes (46872 bytes decrease) Output file size = 166554 bytes (47184 bytes = 22.08% decrease) Quitting from lines at lines 209-215 [unnamed-chunk-12] (locuszoomr.Rmd) Error: processing vignette 'locuszoomr.Rmd' failed with diagnostics: Timeout was reached: [genome.ucsc.edu] Resolving timed out after 10000 milliseconds --- failed re-building ‘locuszoomr.Rmd’ SUMMARY: processing the following file failed: ‘locuszoomr.Rmd’ Error: Vignette re-building failed. Execution halted Flavor: r-patched-linux-x86_64