Last updated on 2024-03-12 07:49:57 CET.
Flavor | Version | Tinstall | Tcheck | Ttotal | Status | Flags |
---|---|---|---|---|---|---|
r-devel-linux-x86_64-debian-clang | 0.3.0 | 3.03 | 63.59 | 66.62 | OK | |
r-devel-linux-x86_64-debian-gcc | 0.3.0 | 2.80 | 50.56 | 53.36 | OK | |
r-devel-linux-x86_64-fedora-clang | 0.3.0 | 85.42 | OK | |||
r-devel-linux-x86_64-fedora-gcc | 0.3.0 | 101.35 | OK | |||
r-devel-windows-x86_64 | 0.3.0 | 5.00 | 85.00 | 90.00 | NOTE | |
r-patched-linux-x86_64 | 0.3.0 | 4.42 | 62.60 | 67.02 | OK | |
r-release-linux-x86_64 | 0.3.0 | 3.69 | 62.28 | 65.97 | OK | |
r-release-macos-arm64 | 0.3.0 | 74.00 | OK | |||
r-release-macos-x86_64 | 0.3.0 | 98.00 | OK | |||
r-release-windows-x86_64 | 0.3.0 | 5.00 | 88.00 | 93.00 | NOTE | |
r-oldrel-macos-arm64 | 0.3.0 | 54.00 | OK | |||
r-oldrel-windows-x86_64 | 0.3.0 | 6.00 | 84.00 | 90.00 | NOTE |
Version: 0.3.0
Check: package dependencies
Result: NOTE
Package suggested but not available for checking: 'rsyslog'
Flavors: r-devel-windows-x86_64, r-release-windows-x86_64, r-oldrel-windows-x86_64