Last updated on 2024-08-31 08:48:15 CEST.
Flavor | Version | Tinstall | Tcheck | Ttotal | Status | Flags |
---|---|---|---|---|---|---|
r-devel-linux-x86_64-debian-clang | 0.1.0 | 9.11 | 89.72 | 98.83 | OK | |
r-devel-linux-x86_64-debian-gcc | 0.1.0 | 7.95 | 65.60 | 73.55 | OK | |
r-devel-linux-x86_64-fedora-clang | 0.1.0 | 160.56 | NOTE | |||
r-devel-linux-x86_64-fedora-gcc | 0.1.0 | 161.79 | NOTE | |||
r-devel-windows-x86_64 | 0.1.0 | 12.00 | 98.00 | 110.00 | OK | |
r-patched-linux-x86_64 | 0.1.0 | 10.59 | 90.50 | 101.09 | OK | |
r-release-linux-x86_64 | 0.1.0 | 9.09 | 84.42 | 93.51 | OK | |
r-release-macos-arm64 | 0.1.0 | 41.00 | OK | |||
r-release-macos-x86_64 | 0.1.0 | 65.00 | OK | |||
r-release-windows-x86_64 | 0.1.0 | 13.00 | 108.00 | 121.00 | OK | |
r-oldrel-macos-arm64 | 0.1.0 | 48.00 | OK | |||
r-oldrel-macos-x86_64 | 0.1.0 | 63.00 | OK | |||
r-oldrel-windows-x86_64 | 0.1.0 | 15.00 | 121.00 | 136.00 | OK |
Version: 0.1.0
Check: dependencies in R code
Result: NOTE
Namespace in Imports field not imported from: ‘utils’
All declared Imports should be used.
Flavors: r-devel-linux-x86_64-fedora-clang, r-devel-linux-x86_64-fedora-gcc